CRAN Package Check Results for Package cinaR

Last updated on 2025-04-30 04:50:01 CEST.

Flavor Version Tinstall Tcheck Ttotal Status Flags
r-devel-linux-x86_64-debian-clang 0.2.3 5.63 128.13 133.76 OK
r-devel-linux-x86_64-debian-gcc 0.2.3 4.07 93.38 97.45 OK
r-devel-linux-x86_64-fedora-clang 0.2.3 211.84 OK
r-devel-linux-x86_64-fedora-gcc 0.2.3 213.73 OK
r-devel-windows-x86_64 0.2.3 9.00 138.00 147.00 OK
r-patched-linux-x86_64 0.2.3 5.74 121.44 127.18 OK
r-release-linux-x86_64 0.2.3 5.54 121.32 126.86 OK
r-release-macos-arm64 0.2.3 5.00 ERROR
r-release-macos-x86_64 0.2.3 7.00 ERROR
r-release-windows-x86_64 0.2.3 11.00 133.00 144.00 OK
r-oldrel-macos-arm64 0.2.3 10.00 ERROR
r-oldrel-macos-x86_64 0.2.3 11.00 ERROR
r-oldrel-windows-x86_64 0.2.3 12.00 168.00 180.00 OK

Check Details

Version: 0.2.3
Check: package dependencies
Result: ERROR Packages required but not available: 'ChIPseeker', 'TxDb.Hsapiens.UCSC.hg38.knownGene', 'TxDb.Hsapiens.UCSC.hg19.knownGene', 'TxDb.Mmusculus.UCSC.mm10.knownGene' See section ‘The DESCRIPTION file’ in the ‘Writing R Extensions’ manual. Flavors: r-release-macos-arm64, r-release-macos-x86_64, r-oldrel-macos-x86_64

Version: 0.2.3
Check: package dependencies
Result: ERROR Packages required but not available: 'TxDb.Hsapiens.UCSC.hg38.knownGene', 'TxDb.Hsapiens.UCSC.hg19.knownGene', 'TxDb.Mmusculus.UCSC.mm10.knownGene' See section ‘The DESCRIPTION file’ in the ‘Writing R Extensions’ manual. Flavor: r-oldrel-macos-arm64