Last updated on 2025-04-30 04:50:01 CEST.
Flavor | Version | Tinstall | Tcheck | Ttotal | Status | Flags |
---|---|---|---|---|---|---|
r-devel-linux-x86_64-debian-clang | 0.4.16 | 14.78 | 118.11 | 132.89 | NOTE | |
r-devel-linux-x86_64-debian-gcc | 0.4.16 | 8.50 | 75.41 | 83.91 | OK | |
r-devel-linux-x86_64-fedora-clang | 0.4.16 | 245.31 | OK | |||
r-devel-linux-x86_64-fedora-gcc | 0.4.16 | 213.39 | OK | |||
r-devel-windows-x86_64 | 0.4.16 | 17.00 | 160.00 | 177.00 | OK | |
r-patched-linux-x86_64 | 0.4.16 | 17.28 | 113.30 | 130.58 | OK | |
r-release-linux-x86_64 | 0.4.16 | 13.88 | 114.11 | 127.99 | OK | |
r-release-macos-arm64 | 0.4.16 | 68.00 | OK | |||
r-release-macos-x86_64 | 0.4.16 | 135.00 | OK | |||
r-release-windows-x86_64 | 0.4.16 | 16.00 | 157.00 | 173.00 | OK | |
r-oldrel-macos-arm64 | 0.4.16 | 58.00 | OK | |||
r-oldrel-macos-x86_64 | 0.4.16 | 101.00 | OK | |||
r-oldrel-windows-x86_64 | 0.4.16 | 19.00 | 186.00 | 205.00 | OK |
Version: 0.4.16
Check: examples
Result: NOTE
Examples with CPU (user + system) or elapsed time > 5s
user system elapsed
circos.genomicPoints 4.717 0.004 6.171
circos.genomicInitialize 4.000 0.008 5.157
Flavor: r-devel-linux-x86_64-debian-clang