Last updated on 2025-04-30 04:50:01 CEST.
Flavor | Version | Tinstall | Tcheck | Ttotal | Status | Flags |
---|---|---|---|---|---|---|
r-devel-linux-x86_64-debian-clang | 0.0.2 | 45.88 | 91.13 | 137.01 | OK | |
r-devel-linux-x86_64-debian-gcc | 0.0.2 | 31.48 | 68.58 | 100.06 | OK | |
r-devel-linux-x86_64-fedora-clang | 0.0.2 | 264.04 | OK | |||
r-devel-linux-x86_64-fedora-gcc | 0.0.2 | 228.32 | OK | |||
r-devel-windows-x86_64 | 0.0.2 | 54.00 | 135.00 | 189.00 | OK | |
r-patched-linux-x86_64 | 0.0.2 | 44.08 | 87.07 | 131.15 | OK | |
r-release-linux-x86_64 | 0.0.2 | 43.69 | 86.89 | 130.58 | OK | |
r-release-macos-arm64 | 0.0.2 | 59.00 | OK | |||
r-release-macos-x86_64 | 0.0.2 | 84.00 | OK | |||
r-release-windows-x86_64 | 0.0.2 | 53.00 | 127.00 | 180.00 | OK | |
r-oldrel-macos-arm64 | 0.0.2 | 53.00 | NOTE | |||
r-oldrel-macos-x86_64 | 0.0.2 | 124.00 | NOTE | |||
r-oldrel-windows-x86_64 | 0.0.2 | 61.00 | 157.00 | 218.00 | OK |
Version: 0.0.2
Check: installed package size
Result: NOTE
installed size is 5.8Mb
sub-directories of 1Mb or more:
data 2.8Mb
libs 2.8Mb
Flavors: r-oldrel-macos-arm64, r-oldrel-macos-x86_64