Last updated on 2025-04-30 04:50:01 CEST.
Flavor | Version | Tinstall | Tcheck | Ttotal | Status | Flags |
---|---|---|---|---|---|---|
r-devel-linux-x86_64-debian-clang | 0.1.1 | 9.85 | 165.29 | 175.14 | NOTE | |
r-devel-linux-x86_64-debian-gcc | 0.1.1 | 7.10 | 111.71 | 118.81 | NOTE | |
r-devel-linux-x86_64-fedora-clang | 0.1.1 | 278.86 | OK | |||
r-devel-linux-x86_64-fedora-gcc | 0.1.1 | 272.65 | OK | |||
r-devel-windows-x86_64 | 0.1.1 | 14.00 | 222.00 | 236.00 | OK | |
r-patched-linux-x86_64 | 0.1.1 | 9.94 | 152.78 | 162.72 | OK | |
r-release-linux-x86_64 | 0.1.1 | 9.81 | 150.40 | 160.21 | OK | |
r-release-macos-arm64 | 0.1.1 | 171.00 | OK | |||
r-release-macos-x86_64 | 0.1.1 | 293.00 | OK | |||
r-release-windows-x86_64 | 0.1.1 | 15.00 | 198.00 | 213.00 | OK | |
r-oldrel-macos-arm64 | 0.1.1 | 172.00 | NOTE | |||
r-oldrel-macos-x86_64 | 0.1.1 | 172.00 | NOTE | |||
r-oldrel-windows-x86_64 | 0.1.1 | 14.00 | 257.00 | 271.00 | NOTE |
Version: 0.1.1
Check: CRAN incoming feasibility
Result: NOTE
Maintainer: ‘Evandro Konzen <circularev.r@gmail.com>’
No Authors@R field in DESCRIPTION.
Please add one, modifying
Authors@R: person(given = "Evandro",
family = "Konzen",
role = c("aut", "cre"),
email = "circularev.r@gmail.com")
as necessary.
Flavors: r-devel-linux-x86_64-debian-clang, r-devel-linux-x86_64-debian-gcc
Version: 0.1.1
Check: installed package size
Result: NOTE
installed size is 7.5Mb
sub-directories of 1Mb or more:
doc 7.2Mb
Flavors: r-oldrel-macos-arm64, r-oldrel-macos-x86_64, r-oldrel-windows-x86_64