Last updated on 2025-04-30 04:50:01 CEST.
Flavor | Version | Tinstall | Tcheck | Ttotal | Status | Flags |
---|---|---|---|---|---|---|
r-devel-linux-x86_64-debian-clang | 1.0.0 | 30.07 | 171.40 | 201.47 | NOTE | |
r-devel-linux-x86_64-debian-gcc | 1.0.0 | 22.17 | 114.36 | 136.53 | NOTE | |
r-devel-linux-x86_64-fedora-clang | 1.0.0 | 339.61 | OK | |||
r-devel-linux-x86_64-fedora-gcc | 1.0.0 | 333.37 | OK | |||
r-devel-windows-x86_64 | 1.0.0 | 39.00 | 206.00 | 245.00 | OK | |
r-patched-linux-x86_64 | 1.0.0 | 30.13 | 162.59 | 192.72 | OK | |
r-release-linux-x86_64 | 1.0.0 | 30.44 | 160.76 | 191.20 | OK | |
r-release-macos-arm64 | 1.0.0 | 90.00 | OK | |||
r-release-macos-x86_64 | 1.0.0 | 180.00 | OK | |||
r-release-windows-x86_64 | 1.0.0 | 42.00 | 201.00 | 243.00 | OK | |
r-oldrel-macos-arm64 | 1.0.0 | 101.00 | OK | |||
r-oldrel-macos-x86_64 | 1.0.0 | 159.00 | OK | |||
r-oldrel-windows-x86_64 | 1.0.0 | 43.00 | 257.00 | 300.00 | OK |
Version: 1.0.0
Check: examples
Result: NOTE
Examples with CPU (user + system) or elapsed time > 5s
user system elapsed
ssm_analyze 5.985 0.12 7.521
Flavor: r-devel-linux-x86_64-debian-clang
Version: 1.0.0
Check: examples
Result: NOTE
Examples with CPU (user + system) or elapsed time > 5s
user system elapsed
ssm_analyze 3.52 0.102 5.133
Flavor: r-devel-linux-x86_64-debian-gcc