Last updated on 2025-04-30 04:50:01 CEST.
Flavor | Version | Tinstall | Tcheck | Ttotal | Status | Flags |
---|---|---|---|---|---|---|
r-devel-linux-x86_64-debian-clang | 0.1.3 | 7.21 | 243.87 | 251.08 | NOTE | |
r-devel-linux-x86_64-debian-gcc | 0.1.3 | 4.80 | 165.01 | 169.81 | NOTE | |
r-devel-linux-x86_64-fedora-clang | 0.1.3 | 412.85 | NOTE | |||
r-devel-linux-x86_64-fedora-gcc | 0.1.3 | 390.47 | NOTE | |||
r-devel-windows-x86_64 | 0.1.3 | 10.00 | 236.00 | 246.00 | NOTE | |
r-patched-linux-x86_64 | 0.1.3 | 7.98 | 233.00 | 240.98 | NOTE | |
r-release-linux-x86_64 | 0.1.3 | 7.80 | 231.53 | 239.33 | NOTE | |
r-release-macos-arm64 | 0.1.3 | 104.00 | NOTE | |||
r-release-macos-x86_64 | 0.1.3 | 246.00 | NOTE | |||
r-release-windows-x86_64 | 0.1.3 | 10.00 | 231.00 | 241.00 | NOTE | |
r-oldrel-macos-arm64 | 0.1.3 | 104.00 | NOTE | |||
r-oldrel-macos-x86_64 | 0.1.3 | 180.00 | NOTE | |||
r-oldrel-windows-x86_64 | 0.1.3 | 11.00 | 317.00 | 328.00 | NOTE |
Version: 0.1.3
Check: Rd files
Result: NOTE
checkRd: (-1) data_generator.Rd:93: Lost braces; missing escapes or markup?
93 | \item{estimand_mean}{List of means of the FULL, S_{++}, S_{*+} and
| ^
checkRd: (-1) data_generator.Rd:93: Lost braces; missing escapes or markup?
93 | \item{estimand_mean}{List of means of the FULL, S_{++}, S_{*+} and
| ^
checkRd: (-1) data_generator.Rd:95: Lost braces; missing escapes or markup?
95 | \item{estimand_sd}{List of standard deviations of the FULL, S_{++}, S_{*+}
| ^
checkRd: (-1) data_generator.Rd:95: Lost braces; missing escapes or markup?
95 | \item{estimand_sd}{List of standard deviations of the FULL, S_{++}, S_{*+}
| ^
checkRd: (-1) data_generator_loop.Rd:96: Lost braces; missing escapes or markup?
96 | \item{estimand_mean}{List of means of the FULL, S_{++}, S_{*+} and
| ^
checkRd: (-1) data_generator_loop.Rd:96: Lost braces; missing escapes or markup?
96 | \item{estimand_mean}{List of means of the FULL, S_{++}, S_{*+} and
| ^
checkRd: (-1) data_generator_loop.Rd:98: Lost braces; missing escapes or markup?
98 | \item{estimand_sd}{List of standard deviations of the FULL, S_{++},
| ^
checkRd: (-1) data_generator_loop.Rd:99: Lost braces; missing escapes or markup?
99 | S_{*+} and PP estimands}
| ^
Flavors: r-devel-linux-x86_64-debian-clang, r-devel-linux-x86_64-debian-gcc, r-devel-linux-x86_64-fedora-clang, r-devel-linux-x86_64-fedora-gcc, r-devel-windows-x86_64, r-patched-linux-x86_64, r-release-linux-x86_64, r-release-macos-arm64, r-release-macos-x86_64, r-release-windows-x86_64, r-oldrel-macos-arm64, r-oldrel-macos-x86_64, r-oldrel-windows-x86_64
Version: 0.1.3
Check: examples
Result: NOTE
Examples with CPU (user + system) or elapsed time > 5s
user system elapsed
plot_dc 3.767 0.112 5.191
Flavor: r-devel-linux-x86_64-debian-clang