Last updated on 2025-11-02 03:51:34 CET.
| Flavor | Version | Tinstall | Tcheck | Ttotal | Status | Flags |
|---|---|---|---|---|---|---|
| r-devel-linux-x86_64-debian-clang | 1.1 | 17.53 | 136.38 | 153.91 | OK | |
| r-devel-linux-x86_64-debian-gcc | 1.1 | 12.63 | 97.08 | 109.71 | OK | |
| r-devel-linux-x86_64-fedora-clang | 1.1 | 40.00 | 203.08 | 243.08 | OK | |
| r-devel-linux-x86_64-fedora-gcc | 1.1 | 72.00 | 177.59 | 249.59 | OK | |
| r-devel-windows-x86_64 | 1.1 | 14.00 | 111.00 | 125.00 | OK | |
| r-patched-linux-x86_64 | 1.1 | 19.16 | 127.03 | 146.19 | OK | |
| r-release-linux-x86_64 | 1.1 | 15.01 | 126.22 | 141.23 | OK | |
| r-release-macos-arm64 | 1.1 | 9.00 | 116.00 | 125.00 | OK | |
| r-release-macos-x86_64 | 1.1 | 11.00 | 106.00 | 117.00 | OK | |
| r-release-windows-x86_64 | 1.1 | 13.00 | 102.00 | 115.00 | NOTE | |
| r-oldrel-macos-arm64 | 1.1 | 5.00 | 58.00 | 63.00 | OK | |
| r-oldrel-macos-x86_64 | 1.1 | 7.00 | 69.00 | 76.00 | OK | |
| r-oldrel-windows-x86_64 | 1.1 | 25.00 | 206.00 | 231.00 | WARN |
Version: 1.1
Check: whether startup messages can be suppressed
Result: NOTE
Torch libraries are installed but loading them was unsuccessful.
It looks like this package (or a package it requires) has a startup
message which cannot be suppressed: see ?packageStartupMessage.
Flavor: r-release-windows-x86_64
Version: 1.1
Check: whether package can be installed
Result: WARN
Found the following significant warnings:
Warning: Torch libraries are installed but loading them caused a segfault.
Flavor: r-oldrel-windows-x86_64