Last updated on 2025-04-30 04:50:01 CEST.
Flavor | Version | Tinstall | Tcheck | Ttotal | Status | Flags |
---|---|---|---|---|---|---|
r-devel-linux-x86_64-debian-clang | 0.1.0 | 1.74 | 28.35 | 30.09 | NOTE | |
r-devel-linux-x86_64-debian-gcc | 0.1.0 | 1.46 | 23.06 | 24.52 | NOTE | |
r-devel-linux-x86_64-fedora-clang | 0.1.0 | 49.10 | OK | |||
r-devel-linux-x86_64-fedora-gcc | 0.1.0 | 58.37 | OK | |||
r-devel-windows-x86_64 | 0.1.0 | 3.00 | 47.00 | 50.00 | OK | |
r-patched-linux-x86_64 | 0.1.0 | 1.85 | 26.35 | 28.20 | OK | |
r-release-linux-x86_64 | 0.1.0 | 1.59 | 26.12 | 27.71 | OK | |
r-release-macos-arm64 | 0.1.0 | 25.00 | OK | |||
r-release-macos-x86_64 | 0.1.0 | 41.00 | OK | |||
r-release-windows-x86_64 | 0.1.0 | 4.00 | 48.00 | 52.00 | OK | |
r-oldrel-macos-arm64 | 0.1.0 | 26.00 | OK | |||
r-oldrel-macos-x86_64 | 0.1.0 | 35.00 | OK | |||
r-oldrel-windows-x86_64 | 0.1.0 | 4.00 | 57.00 | 61.00 | OK |
Version: 0.1.0
Check: CRAN incoming feasibility
Result: NOTE
Maintainer: ‘Thomas Wiemann <wiemann@uchicago.edu>’
The Description field contains
proposed by Wiemann (2023) <arXiv:2311.17021>. CIV allows for optimal
Please refer to arXiv e-prints via their arXiv DOI <doi:10.48550/arXiv.YYMM.NNNNN>.
Flavors: r-devel-linux-x86_64-debian-clang, r-devel-linux-x86_64-debian-gcc