CRAN Package Check Results for Package clap

Last updated on 2025-04-30 04:50:01 CEST.

Flavor Version Tinstall Tcheck Ttotal Status Flags
r-devel-linux-x86_64-debian-clang 0.1.0 3.61 32.61 36.22 NOTE
r-devel-linux-x86_64-debian-gcc 0.1.0 2.93 24.31 27.24 NOTE
r-devel-linux-x86_64-fedora-clang 0.1.0 61.82 NOTE
r-devel-linux-x86_64-fedora-gcc 0.1.0 52.98 NOTE
r-devel-windows-x86_64 0.1.0 5.00 57.00 62.00 NOTE
r-patched-linux-x86_64 0.1.0 3.66 31.14 34.80 NOTE
r-release-linux-x86_64 0.1.0 3.79 31.14 34.93 NOTE
r-release-macos-arm64 0.1.0 30.00 NOTE
r-release-macos-x86_64 0.1.0 34.00 NOTE
r-release-windows-x86_64 0.1.0 4.00 52.00 56.00 NOTE
r-oldrel-macos-arm64 0.1.0 22.00 OK
r-oldrel-macos-x86_64 0.1.0 45.00 OK
r-oldrel-windows-x86_64 0.1.0 6.00 57.00 63.00 OK

Check Details

Version: 0.1.0
Check: DESCRIPTION meta-information
Result: NOTE Missing dependency on R >= 4.1.0 because package code uses the pipe |> or function shorthand \(...) syntax added in R 4.1.0. File(s) using such syntax: ‘compute_cluster_composition.R’ ‘extract_ids_vector.R’ ‘perform_clustering.R’ Flavors: r-devel-linux-x86_64-debian-clang, r-devel-linux-x86_64-debian-gcc, r-devel-linux-x86_64-fedora-clang, r-devel-linux-x86_64-fedora-gcc, r-devel-windows-x86_64, r-patched-linux-x86_64, r-release-linux-x86_64, r-release-macos-arm64, r-release-macos-x86_64, r-release-windows-x86_64