CRAN Package Check Results for Package clc

Last updated on 2025-04-29 04:49:58 CEST.

Flavor Version Tinstall Tcheck Ttotal Status Flags
r-devel-linux-x86_64-debian-clang 1.0.0 2.61 106.80 109.41 NOTE
r-devel-linux-x86_64-debian-gcc 1.0.0 2.10 78.74 80.84 NOTE
r-devel-linux-x86_64-fedora-clang 1.0.0 167.72 NOTE
r-devel-linux-x86_64-fedora-gcc 1.0.0 168.25 NOTE
r-devel-windows-x86_64 1.0.0 5.00 104.00 109.00 NOTE
r-patched-linux-x86_64 1.0.0 2.56 105.95 108.51 NOTE
r-release-linux-x86_64 1.0.0 2.56 105.60 108.16 NOTE
r-release-macos-arm64 1.0.0 86.00 NOTE
r-release-macos-x86_64 1.0.0 96.00 NOTE
r-release-windows-x86_64 1.0.0 5.00 108.00 113.00 NOTE
r-oldrel-macos-arm64 1.0.0 52.00 OK
r-oldrel-macos-x86_64 1.0.0 146.00 OK
r-oldrel-windows-x86_64 1.0.0 5.00 132.00 137.00 OK

Check Details

Version: 1.0.0
Check: DESCRIPTION meta-information
Result: NOTE Missing dependency on R >= 4.1.0 because package code uses the pipe |> or function shorthand \(...) syntax added in R 4.1.0. File(s) using such syntax: ‘as_raster.Rd’ ‘clc.R’ ‘clc_category.R’ ‘clc_raster.R’ ‘copy_to.Rd’ ‘cut_to_extent.Rd’ ‘get_colors.Rd’ ‘get_levels.Rd’ ‘get_raster.Rd’ ‘plot_clc.Rd’ ‘prepare_plot.Rd’ ‘save_to.Rd’ Flavors: r-devel-linux-x86_64-debian-clang, r-devel-linux-x86_64-debian-gcc, r-devel-linux-x86_64-fedora-clang, r-devel-linux-x86_64-fedora-gcc, r-devel-windows-x86_64, r-patched-linux-x86_64, r-release-linux-x86_64, r-release-macos-arm64, r-release-macos-x86_64, r-release-windows-x86_64

Version: 1.0.0
Check: examples
Result: NOTE Examples with CPU (user + system) or elapsed time > 5s user system elapsed as_raster 5.023 0.232 7.521 Flavor: r-devel-linux-x86_64-debian-gcc