CRAN Package Check Results for Package cleandata

Last updated on 2025-04-30 04:50:01 CEST.

Flavor Version Tinstall Tcheck Ttotal Status Flags
r-devel-linux-x86_64-debian-clang 0.3.0 2.14 21.42 23.56 NOTE
r-devel-linux-x86_64-debian-gcc 0.3.0 1.65 16.78 18.43 NOTE
r-devel-linux-x86_64-fedora-clang 0.3.0 39.82 OK
r-devel-linux-x86_64-fedora-gcc 0.3.0 49.26 OK
r-devel-windows-x86_64 0.3.0 3.00 48.00 51.00 OK
r-patched-linux-x86_64 0.3.0 2.10 20.35 22.45 OK
r-release-linux-x86_64 0.3.0 2.01 20.48 22.49 OK
r-release-macos-arm64 0.3.0 22.00 OK
r-release-macos-x86_64 0.3.0 51.00 OK
r-release-windows-x86_64 0.3.0 4.00 46.00 50.00 OK
r-oldrel-macos-arm64 0.3.0 27.00 NOTE
r-oldrel-macos-x86_64 0.3.0 38.00 NOTE
r-oldrel-windows-x86_64 0.3.0 3.00 43.00 46.00 NOTE

Check Details

Version: 0.3.0
Check: CRAN incoming feasibility
Result: NOTE Maintainer: ‘Sherry Zhao <sxzhao@gwu.edu>’ No Authors@R field in DESCRIPTION. Please add one, modifying Authors@R: person(given = "Sherry", family = "Zhao", role = c("aut", "cre"), email = "sxzhao@gwu.edu") as necessary. Flavors: r-devel-linux-x86_64-debian-clang, r-devel-linux-x86_64-debian-gcc

Version: 0.3.0
Check: LazyData
Result: NOTE 'LazyData' is specified without a 'data' directory Flavors: r-oldrel-macos-arm64, r-oldrel-macos-x86_64, r-oldrel-windows-x86_64