Last updated on 2025-04-30 04:50:01 CEST.
Flavor | Version | Tinstall | Tcheck | Ttotal | Status | Flags |
---|---|---|---|---|---|---|
r-devel-linux-x86_64-debian-clang | 4.1.0 | 8.54 | 81.89 | 90.43 | NOTE | |
r-devel-linux-x86_64-debian-gcc | 4.1.0 | 5.18 | 55.24 | 60.42 | NOTE | |
r-devel-linux-x86_64-fedora-clang | 4.1.0 | 154.82 | OK | |||
r-devel-linux-x86_64-fedora-gcc | 4.1.0 | 136.30 | OK | |||
r-devel-windows-x86_64 | 4.1.0 | 8.00 | 110.00 | 118.00 | OK | |
r-patched-linux-x86_64 | 4.1.0 | 9.00 | 77.83 | 86.83 | OK | |
r-release-linux-x86_64 | 4.1.0 | 8.25 | 78.81 | 87.06 | OK | |
r-release-macos-arm64 | 4.1.0 | 48.00 | OK | |||
r-release-macos-x86_64 | 4.1.0 | 78.00 | OK | |||
r-release-windows-x86_64 | 4.1.0 | 9.00 | 106.00 | 115.00 | OK | |
r-oldrel-macos-arm64 | 4.1.0 | 45.00 | OK | |||
r-oldrel-macos-x86_64 | 4.1.0 | 64.00 | OK | |||
r-oldrel-windows-x86_64 | 4.1.0 | 11.00 | 133.00 | 144.00 | OK |
Version: 4.1.0
Check: CRAN incoming feasibility
Result: NOTE
Maintainer: ‘Jose A. Guijarro <jaguijarro21@gmail.com>’
No Authors@R field in DESCRIPTION.
Please add one, modifying
Authors@R: person(given = c("Jose", "A."),
family = "Guijarro",
role = c("aut", "cre"),
email = "jaguijarro21@gmail.com")
as necessary.
Flavors: r-devel-linux-x86_64-debian-clang, r-devel-linux-x86_64-debian-gcc
Version: 4.1.0
Check: examples
Result: NOTE
Examples with CPU (user + system) or elapsed time > 5s
user system elapsed
dahgrid 12.428 0.37 15.457
Flavor: r-devel-linux-x86_64-debian-clang
Version: 4.1.0
Check: examples
Result: NOTE
Examples with CPU (user + system) or elapsed time > 5s
user system elapsed
dahgrid 7.427 0.323 9.516
Flavor: r-devel-linux-x86_64-debian-gcc