Last updated on 2025-04-30 04:50:01 CEST.
Flavor | Version | Tinstall | Tcheck | Ttotal | Status | Flags |
---|---|---|---|---|---|---|
r-devel-linux-x86_64-debian-clang | 0.5 | 2.93 | 36.21 | 39.14 | NOTE | |
r-devel-linux-x86_64-debian-gcc | 0.5 | 3.02 | 27.44 | 30.46 | NOTE | |
r-devel-linux-x86_64-fedora-clang | 0.5 | 67.14 | OK | |||
r-devel-linux-x86_64-fedora-gcc | 0.5 | 78.95 | OK | |||
r-devel-windows-x86_64 | 0.5 | 6.00 | 63.00 | 69.00 | OK | |
r-patched-linux-x86_64 | 0.5 | 4.20 | 34.34 | 38.54 | OK | |
r-release-linux-x86_64 | 0.5 | 4.43 | 34.70 | 39.13 | OK | |
r-release-macos-arm64 | 0.5 | 31.00 | OK | |||
r-release-macos-x86_64 | 0.5 | 58.00 | OK | |||
r-release-windows-x86_64 | 0.5 | 5.00 | 60.00 | 65.00 | OK | |
r-oldrel-macos-arm64 | 0.5 | 30.00 | NOTE | |||
r-oldrel-macos-x86_64 | 0.5 | 45.00 | NOTE | |||
r-oldrel-windows-x86_64 | 0.5 | 10.00 | 65.00 | 75.00 | NOTE |
Version: 0.5
Check: CRAN incoming feasibility
Result: NOTE
Maintainer: ‘Kauê de Sousa <desousa.kaue@gmail.com>’
Package CITATION file contains call(s) to old-style citEntry(). Please
use bibentry() instead.
Flavors: r-devel-linux-x86_64-debian-clang, r-devel-linux-x86_64-debian-gcc
Version: 0.5
Check: installed package size
Result: NOTE
installed size is 5.5Mb
sub-directories of 1Mb or more:
data 3.4Mb
doc 1.8Mb
Flavors: r-oldrel-macos-arm64, r-oldrel-macos-x86_64, r-oldrel-windows-x86_64