CRAN Package Check Results for Package clinicalsignificance

Last updated on 2025-04-30 04:50:01 CEST.

Flavor Version Tinstall Tcheck Ttotal Status Flags
r-devel-linux-x86_64-debian-clang 2.1.0 7.36 152.70 160.06 NOTE
r-devel-linux-x86_64-debian-gcc 2.1.0 4.77 106.96 111.73 NOTE
r-devel-linux-x86_64-fedora-clang 2.1.0 265.64 NOTE
r-devel-linux-x86_64-fedora-gcc 2.1.0 260.35 NOTE
r-devel-windows-x86_64 2.1.0 9.00 165.00 174.00 NOTE
r-patched-linux-x86_64 2.1.0 8.20 145.84 154.04 NOTE
r-release-linux-x86_64 2.1.0 6.94 143.67 150.61 NOTE
r-release-macos-arm64 2.1.0 72.00 NOTE
r-release-macos-x86_64 2.1.0 152.00 NOTE
r-release-windows-x86_64 2.1.0 10.00 165.00 175.00 NOTE
r-oldrel-macos-arm64 2.1.0 79.00 OK
r-oldrel-macos-x86_64 2.1.0 151.00 OK
r-oldrel-windows-x86_64 2.1.0 10.00 213.00 223.00 OK

Check Details

Version: 2.1.0
Check: DESCRIPTION meta-information
Result: NOTE Missing dependency on R >= 4.2.0 because package code uses the pipe placeholder syntax added in R 4.2.0. File(s) using such syntax: ‘calc_rci.R’ Flavors: r-devel-linux-x86_64-debian-clang, r-devel-linux-x86_64-debian-gcc, r-devel-linux-x86_64-fedora-clang, r-devel-linux-x86_64-fedora-gcc, r-devel-windows-x86_64, r-patched-linux-x86_64, r-release-linux-x86_64, r-release-macos-arm64, r-release-windows-x86_64

Version: 2.1.0
Check: examples
Result: NOTE Examples with CPU (user + system) or elapsed time > 5s user system elapsed cs_anchor 6.26 0.207 9.485 Flavor: r-devel-linux-x86_64-debian-clang

Version: 2.1.0
Check: examples
Result: NOTE Examples with CPU (user + system) or elapsed time > 5s user system elapsed cs_anchor 4.175 0.216 5.783 Flavor: r-devel-linux-x86_64-debian-gcc

Version: 2.1.0
Check: DESCRIPTION meta-information
Result: NOTE Missing dependency on R >= 4.1.0 because package code uses the pipe |> or function shorthand \(...) syntax added in R 4.1.0. File(s) using such syntax: ‘calc_anchor.R’ ‘calc_cutoff.R’ ‘calc_percentage.R’ ‘calc_rci.R’ ‘calc_recovered.R’ ‘create_summary_table.R’ ‘cs_anchor.R’ ‘cs_combined.R’ ‘cs_distribution.R’ ‘cs_get_augmented_data.R’ ‘cs_get_cutoff.R’ ‘cs_get_cutoff_descriptives.R’ ‘cs_get_n.R’ ‘cs_get_reliability.R’ ‘cs_percentage.R’ ‘cs_statistical.R’ ‘package-utils.R’ ‘plot.R’ ‘prep_data.R’ Flavor: r-release-macos-x86_64