CRAN Package Check Results for Package clusEvol

Last updated on 2025-04-30 04:50:02 CEST.

Flavor Version Tinstall Tcheck Ttotal Status Flags
r-devel-linux-x86_64-debian-clang 1.0.0 11.05 82.68 93.73 NOTE
r-devel-linux-x86_64-debian-gcc 1.0.0 7.62 57.08 64.70 NOTE
r-devel-linux-x86_64-fedora-clang 1.0.0 137.92 OK
r-devel-linux-x86_64-fedora-gcc 1.0.0 128.86 OK
r-devel-windows-x86_64 1.0.0 12.00 89.00 101.00 NOTE
r-patched-linux-x86_64 1.0.0 9.53 77.12 86.65 NOTE
r-release-linux-x86_64 1.0.0 11.45 76.67 88.12 NOTE
r-release-macos-arm64 1.0.0 40.00 OK
r-release-macos-x86_64 1.0.0 78.00 OK
r-release-windows-x86_64 1.0.0 13.00 85.00 98.00 NOTE
r-oldrel-macos-arm64 1.0.0 40.00 OK
r-oldrel-macos-x86_64 1.0.0 61.00 OK
r-oldrel-windows-x86_64 1.0.0 15.00 114.00 129.00 OK

Check Details

Version: 1.0.0
Check: Rd cross-references
Result: NOTE Found the following Rd file(s) with Rd \link{} targets missing package anchors: plot.clusEvol.Rd: ggplot Please provide package anchors for all Rd \link{} targets not in the package itself and the base packages. Flavors: r-devel-linux-x86_64-debian-clang, r-devel-linux-x86_64-debian-gcc, r-devel-windows-x86_64, r-patched-linux-x86_64, r-release-linux-x86_64, r-release-windows-x86_64