CRAN Package Check Results for Package clusterGeneration

Last updated on 2025-04-30 04:50:02 CEST.

Flavor Version Tinstall Tcheck Ttotal Status Flags
r-devel-linux-x86_64-debian-clang 1.3.8 5.07 34.75 39.82 NOTE
r-devel-linux-x86_64-debian-gcc 1.3.8 3.20 25.35 28.55 NOTE
r-devel-linux-x86_64-fedora-clang 1.3.8 62.57 OK
r-devel-linux-x86_64-fedora-gcc 1.3.8 58.38 OK
r-devel-windows-x86_64 1.3.8 6.00 57.00 63.00 OK
r-patched-linux-x86_64 1.3.8 4.58 33.18 37.76 OK
r-release-linux-x86_64 1.3.8 4.20 33.27 37.47 OK
r-release-macos-arm64 1.3.8 21.00 OK
r-release-macos-x86_64 1.3.8 44.00 OK
r-release-windows-x86_64 1.3.8 7.00 57.00 64.00 OK
r-oldrel-macos-arm64 1.3.8 33.00 OK
r-oldrel-macos-x86_64 1.3.8 33.00 OK
r-oldrel-windows-x86_64 1.3.8 8.00 56.00 64.00 OK

Check Details

Version: 1.3.8
Check: CRAN incoming feasibility
Result: NOTE Maintainer: ‘Weiliang Qiu <weiliang.qiu@gmail.com>’ No Authors@R field in DESCRIPTION. Please add one, modifying Authors@R: c(person(given = "Weiliang", family = "Qiu", role = c("aut", "cre"), email = "weiliang.qiu@gmail.com"), person(given = "Harry", family = "Joe.", role = "aut", email = "harry@stat.ubc.ca")) as necessary. Flavors: r-devel-linux-x86_64-debian-clang, r-devel-linux-x86_64-debian-gcc