Last updated on 2025-02-21 03:52:09 CET.
Flavor | Version | Tinstall | Tcheck | Ttotal | Status | Flags |
---|---|---|---|---|---|---|
r-devel-linux-x86_64-debian-clang | 1.0 | 6.55 | 52.32 | 58.87 | OK | |
r-devel-linux-x86_64-debian-gcc | 1.0 | 4.41 | 38.36 | 42.77 | OK | |
r-devel-linux-x86_64-fedora-clang | 1.0 | 95.09 | NOTE | |||
r-devel-linux-x86_64-fedora-gcc | 1.0 | 92.98 | NOTE | |||
r-devel-macos-arm64 | 1.0 | 27.00 | OK | |||
r-devel-macos-x86_64 | 1.0 | 54.00 | OK | |||
r-devel-windows-x86_64 | 1.0 | 8.00 | 68.00 | 76.00 | OK | |
r-patched-linux-x86_64 | 1.0 | 6.02 | 48.70 | 54.72 | OK | |
r-release-linux-x86_64 | 1.0 | 4.75 | 48.91 | 53.66 | OK | |
r-release-macos-arm64 | 1.0 | 29.00 | OK | |||
r-release-macos-x86_64 | 1.0 | 50.00 | OK | |||
r-release-windows-x86_64 | 1.0 | 8.00 | 66.00 | 74.00 | OK | |
r-oldrel-macos-arm64 | 1.0 | 30.00 | OK | |||
r-oldrel-macos-x86_64 | 1.0 | 45.00 | OK | |||
r-oldrel-windows-x86_64 | 1.0 | 10.00 | 73.00 | 83.00 | OK |
Version: 1.0
Check: dependencies in R code
Result: NOTE
Namespace in Imports field not imported from: ‘stringi’
All declared Imports should be used.
Flavors: r-devel-linux-x86_64-fedora-clang, r-devel-linux-x86_64-fedora-gcc