Last updated on 2025-04-30 04:50:02 CEST.
Flavor | Version | Tinstall | Tcheck | Ttotal | Status | Flags |
---|---|---|---|---|---|---|
r-devel-linux-x86_64-debian-clang | 0.1.2 | 26.01 | 57.21 | 83.22 | NOTE | |
r-devel-linux-x86_64-debian-gcc | 0.1.2 | 18.97 | 43.53 | 62.50 | NOTE | |
r-devel-linux-x86_64-fedora-clang | 0.1.2 | 143.60 | NOTE | |||
r-devel-linux-x86_64-fedora-gcc | 0.1.2 | 129.98 | NOTE | |||
r-devel-windows-x86_64 | 0.1.2 | 32.00 | 90.00 | 122.00 | NOTE | |
r-patched-linux-x86_64 | 0.1.2 | 27.40 | 55.08 | 82.48 | NOTE | |
r-release-linux-x86_64 | 0.1.2 | 26.08 | 55.00 | 81.08 | NOTE | |
r-release-macos-arm64 | 0.1.2 | 48.00 | NOTE | |||
r-release-macos-x86_64 | 0.1.2 | 78.00 | NOTE | |||
r-release-windows-x86_64 | 0.1.2 | 33.00 | 90.00 | 123.00 | NOTE | |
r-oldrel-macos-arm64 | 0.1.2 | 44.00 | NOTE | |||
r-oldrel-macos-x86_64 | 0.1.2 | 56.00 | NOTE | |||
r-oldrel-windows-x86_64 | 0.1.2 | 38.00 | 106.00 | 144.00 | NOTE |
Version: 0.1.2
Check: CRAN incoming feasibility
Result: NOTE
Maintainer: ‘Simon Mak <sm769@duke.edu>’
No Authors@R field in DESCRIPTION.
Please add one, modifying
Authors@R: person(given = "Simon",
family = "Mak",
role = c("aut", "cre"),
email = "sm769@duke.edu")
as necessary.
Flavors: r-devel-linux-x86_64-debian-clang, r-devel-linux-x86_64-debian-gcc
Version: 0.1.2
Check: C++ specification
Result: NOTE
Specified C++11: please drop specification unless essential
Flavors: r-devel-linux-x86_64-debian-clang, r-devel-linux-x86_64-debian-gcc, r-devel-linux-x86_64-fedora-clang, r-devel-linux-x86_64-fedora-gcc, r-devel-windows-x86_64, r-patched-linux-x86_64, r-release-linux-x86_64, r-release-macos-arm64, r-release-macos-x86_64, r-release-windows-x86_64, r-oldrel-macos-arm64, r-oldrel-macos-x86_64, r-oldrel-windows-x86_64
Version: 0.1.2
Check: dependencies in R code
Result: NOTE
Namespace in Imports field not imported from: ‘MASS’
All declared Imports should be used.
Flavors: r-devel-linux-x86_64-fedora-clang, r-devel-linux-x86_64-fedora-gcc