Last updated on 2025-04-30 04:50:02 CEST.
Flavor | Version | Tinstall | Tcheck | Ttotal | Status | Flags |
---|---|---|---|---|---|---|
r-devel-linux-x86_64-debian-clang | 3.5.1-3 | 20.26 | 54.82 | 75.08 | NOTE | |
r-devel-linux-x86_64-debian-gcc | 3.5.1-3 | 19.80 | 39.66 | 59.46 | NOTE | |
r-devel-linux-x86_64-fedora-clang | 3.5.1-3 | 137.97 | OK | |||
r-devel-linux-x86_64-fedora-gcc | 3.5.1-3 | 163.92 | OK | |||
r-devel-windows-x86_64 | 3.5.1-3 | 30.00 | 88.00 | 118.00 | OK | |
r-patched-linux-x86_64 | 3.5.1-3 | 29.17 | 51.67 | 80.84 | OK | |
r-release-linux-x86_64 | 3.5.1-3 | 26.97 | 51.82 | 78.79 | OK | |
r-release-macos-arm64 | 3.5.1-3 | 48.00 | OK | |||
r-release-macos-x86_64 | 3.5.1-3 | 107.00 | OK | |||
r-release-windows-x86_64 | 3.5.1-3 | 28.00 | 87.00 | 115.00 | OK | |
r-oldrel-macos-arm64 | 3.5.1-3 | 46.00 | OK | |||
r-oldrel-macos-x86_64 | 3.5.1-3 | 64.00 | OK | |||
r-oldrel-windows-x86_64 | 3.5.1-3 | 31.00 | 103.00 | 134.00 | OK |
Version: 3.5.1-3
Check: CRAN incoming feasibility
Result: NOTE
Maintainer: ‘David Cortes <david.cortes.rivera@gmail.com>’
The Description field contains
extensions of the original model (Cortes, (2018) <arXiv:1809.00366>)
'implicit features' (Rendle, Zhang, Koren, (2019) <arXiv:1905.01395>),
Please refer to arXiv e-prints via their arXiv DOI <doi:10.48550/arXiv.YYMM.NNNNN>.
Flavors: r-devel-linux-x86_64-debian-clang, r-devel-linux-x86_64-debian-gcc
Version: 3.5.1-3
Check: examples
Result: NOTE
Examples with CPU (user + system) or elapsed time > 5s
user system elapsed
CMF.from.model.matrices 4.193 0.197 5.294
Flavor: r-devel-linux-x86_64-debian-clang