Last updated on 2025-04-30 04:50:02 CEST.
Flavor | Version | Tinstall | Tcheck | Ttotal | Status | Flags |
---|---|---|---|---|---|---|
r-devel-linux-x86_64-debian-clang | 0.9.2 | 7.50 | 60.77 | 68.27 | NOTE | |
r-devel-linux-x86_64-debian-gcc | 0.9.2 | 6.41 | 44.55 | 50.96 | NOTE | |
r-devel-linux-x86_64-fedora-clang | 0.9.2 | 105.89 | NOTE | |||
r-devel-linux-x86_64-fedora-gcc | 0.9.2 | 100.36 | NOTE | |||
r-devel-windows-x86_64 | 0.9.2 | 11.00 | 76.00 | 87.00 | NOTE | |
r-patched-linux-x86_64 | 0.9.2 | 7.96 | 58.32 | 66.28 | NOTE | |
r-release-linux-x86_64 | 0.9.2 | 7.58 | 57.67 | 65.25 | NOTE | |
r-release-macos-arm64 | 0.9.2 | 54.00 | NOTE | |||
r-release-macos-x86_64 | 0.9.2 | 88.00 | NOTE | |||
r-release-windows-x86_64 | 0.9.2 | 11.00 | 75.00 | 86.00 | NOTE | |
r-oldrel-macos-arm64 | 0.9.2 | 33.00 | NOTE | |||
r-oldrel-macos-x86_64 | 0.9.2 | 49.00 | NOTE | |||
r-oldrel-windows-x86_64 | 0.9.2 | 12.00 | 92.00 | 104.00 | NOTE |
Version: 0.9.2
Check: CRAN incoming feasibility
Result: NOTE
Maintainer: ‘Stephan Dlugosz <stephan.dlugosz@googlemail.com>’
No Authors@R field in DESCRIPTION.
Please add one, modifying
Authors@R: c(person(given = "Stephan",
family = "Dlugosz",
role = c("aut", "cre"),
email = "stephan.dlugosz@googlemail.com"),
person(given = "Limin",
family = "Peng",
role = "aut"),
person(given = "Ruosha",
family = "Li",
role = "aut"),
person(given = "Shuolin",
family = "Shi",
role = "ctb"))
as necessary.
Flavors: r-devel-linux-x86_64-debian-clang, r-devel-linux-x86_64-debian-gcc
Version: 0.9.2
Check: Rd files
Result: NOTE
checkRd: (-1) plot.predict.crrQR.Rd:18: Escaped LaTeX specials: \#
checkRd: (-1) plot.predict.crrQR.Rd:22: Escaped LaTeX specials: \#
Flavors: r-devel-linux-x86_64-debian-clang, r-devel-linux-x86_64-debian-gcc, r-devel-linux-x86_64-fedora-clang, r-devel-linux-x86_64-fedora-gcc, r-devel-windows-x86_64, r-patched-linux-x86_64, r-release-linux-x86_64, r-release-macos-arm64, r-release-macos-x86_64, r-release-windows-x86_64, r-oldrel-macos-arm64, r-oldrel-macos-x86_64, r-oldrel-windows-x86_64