Last updated on 2025-04-30 04:50:02 CEST.
Flavor | Version | Tinstall | Tcheck | Ttotal | Status | Flags |
---|---|---|---|---|---|---|
r-devel-linux-x86_64-debian-clang | 0.1.2 | 8.20 | 92.48 | 100.68 | NOTE | |
r-devel-linux-x86_64-debian-gcc | 0.1.2 | 6.15 | 62.92 | 69.07 | NOTE | |
r-devel-linux-x86_64-fedora-clang | 0.1.2 | 143.80 | OK | |||
r-devel-linux-x86_64-fedora-gcc | 0.1.2 | 145.41 | OK | |||
r-devel-windows-x86_64 | 0.1.2 | 13.00 | 113.00 | 126.00 | OK | |
r-patched-linux-x86_64 | 0.1.2 | 6.73 | 84.40 | 91.13 | OK | |
r-release-linux-x86_64 | 0.1.2 | 6.82 | 84.61 | 91.43 | OK | |
r-release-macos-arm64 | 0.1.2 | 64.00 | OK | |||
r-release-macos-x86_64 | 0.1.2 | 106.00 | OK | |||
r-release-windows-x86_64 | 0.1.2 | 13.00 | 108.00 | 121.00 | OK | |
r-oldrel-macos-arm64 | 0.1.2 | 53.00 | OK | |||
r-oldrel-macos-x86_64 | 0.1.2 | 94.00 | OK | |||
r-oldrel-windows-x86_64 | 0.1.2 | 14.00 | 131.00 | 145.00 | OK |
Version: 0.1.2
Check: CRAN incoming feasibility
Result: NOTE
Maintainer: ‘Wangqian Ju <wju@iastate.edu>’
Package CITATION file contains call(s) to old-style citEntry(). Please
use bibentry() instead.
Flavors: r-devel-linux-x86_64-debian-clang, r-devel-linux-x86_64-debian-gcc
Version: 0.1.2
Check: examples
Result: NOTE
Examples with CPU (user + system) or elapsed time > 5s
user system elapsed
compute_diff_phase 3.303 0.106 5.14
extract_feature_cmps 2.892 0.051 5.23
Flavor: r-devel-linux-x86_64-debian-clang