Last updated on 2025-05-02 04:49:31 CEST.
Flavor | Version | Tinstall | Tcheck | Ttotal | Status | Flags |
---|---|---|---|---|---|---|
r-devel-linux-x86_64-debian-clang | 1.4.1 | 17.52 | 271.03 | 288.55 | NOTE | |
r-devel-linux-x86_64-debian-gcc | 1.4.1 | 10.54 | 195.81 | 206.35 | OK | |
r-devel-linux-x86_64-fedora-clang | 1.4.1 | 441.12 | OK | |||
r-devel-linux-x86_64-fedora-gcc | 1.4.1 | 425.62 | OK | |||
r-devel-windows-x86_64 | 1.4.1 | 18.00 | 290.00 | 308.00 | OK | |
r-patched-linux-x86_64 | 1.4.1 | 19.19 | 261.40 | 280.59 | OK | |
r-release-linux-x86_64 | OK | |||||
r-release-macos-arm64 | 1.4.1 | 126.00 | OK | |||
r-release-macos-x86_64 | 1.4.1 | 262.00 | OK | |||
r-release-windows-x86_64 | 1.4.1 | 19.00 | 302.00 | 321.00 | OK | |
r-oldrel-macos-arm64 | 1.4.1 | 129.00 | OK | |||
r-oldrel-macos-x86_64 | 1.4.1 | 262.00 | OK | |||
r-oldrel-windows-x86_64 | 1.4.1 | 22.00 | 394.00 | 416.00 | OK |
Version: 1.4.1
Check: examples
Result: NOTE
Examples with CPU (user + system) or elapsed time > 5s
user system elapsed
wfldmean 9.558 0.197 15.496
Flavor: r-devel-linux-x86_64-debian-clang