CRAN Package Check Results for Package cnaOpt

Last updated on 2025-04-30 04:50:02 CEST.

Flavor Version Tinstall Tcheck Ttotal Status Flags
r-devel-linux-x86_64-debian-clang 0.5.2 28.08 94.14 122.22 NOTE
r-devel-linux-x86_64-debian-gcc 0.5.2 19.69 62.97 82.66 NOTE
r-devel-linux-x86_64-fedora-clang 0.5.2 195.87 OK
r-devel-linux-x86_64-fedora-gcc 0.5.2 183.94 OK
r-devel-windows-x86_64 0.5.2 32.00 117.00 149.00 NOTE
r-patched-linux-x86_64 0.5.2 29.31 87.22 116.53 NOTE
r-release-linux-x86_64 0.5.2 27.93 87.90 115.83 NOTE
r-release-macos-arm64 0.5.2 54.00 OK
r-release-macos-x86_64 0.5.2 93.00 OK
r-release-windows-x86_64 0.5.2 34.00 116.00 150.00 NOTE
r-oldrel-macos-arm64 0.5.2 53.00 OK
r-oldrel-macos-x86_64 0.5.2 72.00 OK
r-oldrel-windows-x86_64 0.5.2 41.00 146.00 187.00 OK

Check Details

Version: 0.5.2
Check: Rd cross-references
Result: NOTE Found the following Rd file(s) with Rd \link{} targets missing package anchors: cnaOpt.Rd: configTable, rreduce, condTbl, cna conCovOpt.Rd: configTable, cna conCovOpt_utils.Rd: rreduce, condTbl ereduce.Rd: full.ct findOutcomes.Rd: configTable, cna, selectCases, full.ct Please provide package anchors for all Rd \link{} targets not in the package itself and the base packages. Flavors: r-devel-linux-x86_64-debian-clang, r-devel-linux-x86_64-debian-gcc, r-devel-windows-x86_64, r-patched-linux-x86_64, r-release-linux-x86_64, r-release-windows-x86_64

Version: 0.5.2
Check: examples
Result: NOTE Examples with CPU (user + system) or elapsed time > 5s user system elapsed findOutcomes 7.185 0.045 9.541 cnaOpt 4.597 0.075 7.232 Flavor: r-devel-linux-x86_64-debian-clang