CRAN Package Check Results for Package cncaGUI

Last updated on 2025-04-30 04:50:02 CEST.

Flavor Version Tinstall Tcheck Ttotal Status Flags
r-devel-linux-x86_64-debian-clang 1.1 12.09 55.38 67.47 NOTE
r-devel-linux-x86_64-debian-gcc 1.1 8.64 42.71 51.35 NOTE
r-devel-linux-x86_64-fedora-clang 1.1 113.07 OK
r-devel-linux-x86_64-fedora-gcc 1.1 110.35 OK
r-devel-windows-x86_64 1.1 11.00 67.00 78.00 OK
r-patched-linux-x86_64 1.1 10.77 54.67 65.44 OK
r-release-linux-x86_64 1.1 10.92 53.32 64.24 OK
r-release-macos-arm64 1.1 60.00 OK
r-release-macos-x86_64 1.1 161.00 OK
r-release-windows-x86_64 1.1 12.00 70.00 82.00 OK
r-oldrel-macos-arm64 1.1 52.00 OK
r-oldrel-macos-x86_64 1.1 60.00 OK
r-oldrel-windows-x86_64 1.1 12.00 74.00 86.00 OK

Check Details

Version: 1.1
Check: CRAN incoming feasibility
Result: NOTE Maintainer: ‘Ana Belen Nieto Librero <ananieto@usal.es>’ No Authors@R field in DESCRIPTION. Please add one, modifying Authors@R: c(person(given = c("Ana", "Belen", "Nieto"), family = "Librero", role = c("aut", "cre"), email = "ananieto@usal.es"), person(given = "Priscila", family = "Willems", role = "aut", email = "pwillems@bariloche.inta.gov.ar"), person(given = c("Purificacion", "Galindo"), family = "Villardon", role = "aut", email = "pgalindo@usal.es")) as necessary. Flavors: r-devel-linux-x86_64-debian-clang, r-devel-linux-x86_64-debian-gcc