Last updated on 2025-04-30 04:50:02 CEST.
Flavor | Version | Tinstall | Tcheck | Ttotal | Status | Flags |
---|---|---|---|---|---|---|
r-devel-linux-x86_64-debian-clang | 0.7.2 | 120.35 | 103.01 | 223.36 | OK | |
r-devel-linux-x86_64-debian-gcc | 0.7.2 | 79.12 | 76.22 | 155.34 | OK | |
r-devel-linux-x86_64-fedora-clang | 0.7.2 | 404.99 | OK | |||
r-devel-linux-x86_64-fedora-gcc | 0.7.2 | 398.40 | OK | |||
r-devel-windows-x86_64 | 0.7.2 | 132.00 | 151.00 | 283.00 | OK | |
r-patched-linux-x86_64 | 0.7.2 | 123.15 | 96.67 | 219.82 | OK | |
r-release-linux-x86_64 | 0.7.2 | 109.28 | 96.10 | 205.38 | OK | |
r-release-macos-arm64 | 0.7.2 | 106.00 | OK | |||
r-release-macos-x86_64 | 0.7.2 | 165.00 | OK | |||
r-release-windows-x86_64 | 0.7.2 | 129.00 | 150.00 | 279.00 | OK | |
r-oldrel-macos-arm64 | 0.7.2 | 104.00 | NOTE | |||
r-oldrel-macos-x86_64 | 0.7.2 | 124.00 | NOTE | |||
r-oldrel-windows-x86_64 | 0.7.2 | 152.00 | 174.00 | 326.00 | NOTE |
Version: 0.7.2
Check: package dependencies
Result: NOTE
Package suggested but not available for checking: ‘PopGenome’
Flavors: r-oldrel-macos-arm64, r-oldrel-macos-x86_64, r-oldrel-windows-x86_64
Version: 0.7.2
Check: installed package size
Result: NOTE
installed size is 6.3Mb
sub-directories of 1Mb or more:
R 2.0Mb
libs 3.6Mb
Flavors: r-oldrel-macos-arm64, r-oldrel-macos-x86_64