Last updated on 2025-11-03 03:49:36 CET.
| Flavor | Version | Tinstall | Tcheck | Ttotal | Status | Flags |
|---|---|---|---|---|---|---|
| r-devel-linux-x86_64-debian-clang | 0.2.2 | 5.38 | 54.26 | 59.64 | OK | |
| r-devel-linux-x86_64-debian-gcc | 0.2.2 | 4.94 | 42.09 | 47.03 | OK | |
| r-devel-linux-x86_64-fedora-clang | 0.2.2 | 14.00 | 81.17 | 95.17 | OK | |
| r-devel-linux-x86_64-fedora-gcc | 0.2.2 | 16.00 | 77.07 | 93.07 | OK | |
| r-devel-windows-x86_64 | 0.2.2 | 7.00 | 64.00 | 71.00 | OK | |
| r-patched-linux-x86_64 | 0.2.2 | 5.80 | 52.23 | 58.03 | OK | |
| r-release-linux-x86_64 | 0.2.2 | 6.48 | 52.26 | 58.74 | OK | |
| r-release-macos-arm64 | 0.2.2 | 3.00 | 27.00 | 30.00 | OK | |
| r-release-macos-x86_64 | 0.2.2 | 10.00 | 80.00 | 90.00 | OK | |
| r-release-windows-x86_64 | 0.2.2 | 7.00 | 62.00 | 69.00 | OK | |
| r-oldrel-macos-arm64 | 0.2.2 | 4.00 | 32.00 | 36.00 | NOTE | |
| r-oldrel-macos-x86_64 | 0.2.2 | 7.00 | 69.00 | 76.00 | NOTE | |
| r-oldrel-windows-x86_64 | 0.2.2 | 10.00 | 78.00 | 88.00 | NOTE |
Version: 0.2.2
Check: package dependencies
Result: NOTE
Package suggested but not available for checking: ‘disttree’
Flavors: r-oldrel-macos-arm64, r-oldrel-macos-x86_64, r-oldrel-windows-x86_64