Last updated on 2025-04-30 04:50:02 CEST.
Flavor | Version | Tinstall | Tcheck | Ttotal | Status | Flags |
---|---|---|---|---|---|---|
r-devel-linux-x86_64-debian-clang | 0.2.0 | 10.32 | 90.05 | 100.37 | NOTE | |
r-devel-linux-x86_64-debian-gcc | 0.2.0 | 8.13 | 60.67 | 68.80 | NOTE | |
r-devel-linux-x86_64-fedora-clang | 0.2.0 | 153.13 | OK | |||
r-devel-linux-x86_64-fedora-gcc | 0.2.0 | 141.57 | OK | |||
r-devel-windows-x86_64 | 0.2.0 | 11.00 | 94.00 | 105.00 | OK | |
r-patched-linux-x86_64 | 0.2.0 | 10.21 | 84.87 | 95.08 | OK | |
r-release-linux-x86_64 | 0.2.0 | 9.63 | 84.39 | 94.02 | OK | |
r-release-macos-arm64 | 0.2.0 | 43.00 | OK | |||
r-release-macos-x86_64 | 0.2.0 | 81.00 | OK | |||
r-release-windows-x86_64 | 0.2.0 | 11.00 | 93.00 | 104.00 | OK | |
r-oldrel-macos-arm64 | 0.2.0 | 41.00 | NOTE | |||
r-oldrel-macos-x86_64 | 0.2.0 | 67.00 | NOTE | |||
r-oldrel-windows-x86_64 | 0.2.0 | 17.00 | 119.00 | 136.00 | NOTE |
Version: 0.2.0
Check: examples
Result: NOTE
Examples with CPU (user + system) or elapsed time > 5s
user system elapsed
coat-methods 8.185 0.185 10.54
Flavor: r-devel-linux-x86_64-debian-clang
Version: 0.2.0
Check: examples
Result: NOTE
Examples with CPU (user + system) or elapsed time > 5s
user system elapsed
coat-methods 4.644 0.126 5.332
Flavor: r-devel-linux-x86_64-debian-gcc
Version: 0.2.0
Check: package dependencies
Result: NOTE
Package suggested but not available for checking: ‘disttree’
Flavors: r-oldrel-macos-arm64, r-oldrel-macos-x86_64, r-oldrel-windows-x86_64