Last updated on 2025-04-30 04:50:02 CEST.
Flavor | Version | Tinstall | Tcheck | Ttotal | Status | Flags |
---|---|---|---|---|---|---|
r-devel-linux-x86_64-debian-clang | 1.1.0 | 2.50 | 79.99 | 82.49 | NOTE | |
r-devel-linux-x86_64-debian-gcc | 1.1.0 | 2.06 | 53.70 | 55.76 | NOTE | |
r-devel-linux-x86_64-fedora-clang | 1.1.0 | 125.21 | NOTE | |||
r-devel-linux-x86_64-fedora-gcc | 1.1.0 | 137.28 | NOTE | |||
r-devel-windows-x86_64 | 1.1.0 | 5.00 | 104.00 | 109.00 | OK | |
r-patched-linux-x86_64 | 1.1.0 | 3.16 | 75.29 | 78.45 | OK | |
r-release-linux-x86_64 | 1.1.0 | 2.78 | 75.73 | 78.51 | OK | |
r-release-macos-arm64 | 1.1.0 | 51.00 | OK | |||
r-release-macos-x86_64 | 1.1.0 | 111.00 | OK | |||
r-release-windows-x86_64 | 1.1.0 | 4.00 | 102.00 | 106.00 | OK | |
r-oldrel-macos-arm64 | 1.1.0 | 54.00 | NOTE | |||
r-oldrel-macos-x86_64 | 1.1.0 | 80.00 | NOTE | |||
r-oldrel-windows-x86_64 | 1.1.0 | 5.00 | 145.00 | 150.00 | NOTE |
Version: 1.1.0
Check: CRAN incoming feasibility
Result: NOTE
Maintainer: ‘Alessandra Cabassi <alessandra.cabassi@mrc-bsu.cam.ac.uk>’
Package CITATION file contains call(s) to old-style personList() or
as.personList(). Please use c() on person objects instead.
Package CITATION file contains call(s) to old-style citEntry(). Please
use bibentry() instead.
Flavors: r-devel-linux-x86_64-debian-clang, r-devel-linux-x86_64-debian-gcc
Version: 1.1.0
Check: examples
Result: NOTE
Examples with CPU (user + system) or elapsed time > 5s
user system elapsed
coca 3.969 0.095 6.061
Flavor: r-devel-linux-x86_64-debian-clang
Version: 1.1.0
Check: dependencies in R code
Result: NOTE
Namespaces in Imports field not imported from:
‘Matrix’ ‘nnet’
All declared Imports should be used.
Flavors: r-devel-linux-x86_64-fedora-clang, r-devel-linux-x86_64-fedora-gcc
Version: 1.1.0
Check: LazyData
Result: NOTE
'LazyData' is specified without a 'data' directory
Flavors: r-oldrel-macos-arm64, r-oldrel-macos-x86_64, r-oldrel-windows-x86_64