Last updated on 2025-04-30 04:50:02 CEST.
Flavor | Version | Tinstall | Tcheck | Ttotal | Status | Flags |
---|---|---|---|---|---|---|
r-devel-linux-x86_64-debian-clang | 0.1.4 | 27.21 | 44.19 | 71.40 | OK | |
r-devel-linux-x86_64-debian-gcc | 0.1.4 | 20.97 | 32.14 | 53.11 | OK | |
r-devel-linux-x86_64-fedora-clang | 0.1.4 | 128.00 | NOTE | |||
r-devel-linux-x86_64-fedora-gcc | 0.1.4 | 137.82 | NOTE | |||
r-devel-windows-x86_64 | 0.1.4 | 33.00 | 94.00 | 127.00 | OK | |
r-patched-linux-x86_64 | 0.1.4 | 26.29 | 42.76 | 69.05 | OK | |
r-release-linux-x86_64 | 0.1.4 | 27.80 | 42.43 | 70.23 | OK | |
r-release-macos-arm64 | 0.1.4 | 45.00 | OK | |||
r-release-macos-x86_64 | 0.1.4 | 68.00 | OK | |||
r-release-windows-x86_64 | 0.1.4 | 35.00 | 95.00 | 130.00 | OK | |
r-oldrel-macos-arm64 | 0.1.4 | 43.00 | OK | |||
r-oldrel-macos-x86_64 | 0.1.4 | 97.00 | OK | |||
r-oldrel-windows-x86_64 | 0.1.4 | 39.00 | 107.00 | 146.00 | OK |
Version: 0.1.4
Check: dependencies in R code
Result: NOTE
Namespaces in Imports field not imported from:
‘fields’ ‘knitr’
All declared Imports should be used.
Flavors: r-devel-linux-x86_64-fedora-clang, r-devel-linux-x86_64-fedora-gcc