CRAN Package Check Results for Package cocor

Last updated on 2025-04-30 04:50:02 CEST.

Flavor Version Tinstall Tcheck Ttotal Status Flags
r-devel-linux-x86_64-debian-clang 1.1-4 3.65 32.15 35.80 OK
r-devel-linux-x86_64-debian-gcc 1.1-4 3.18 23.96 27.14 OK
r-devel-linux-x86_64-fedora-clang 1.1-4 57.16 OK
r-devel-linux-x86_64-fedora-gcc 1.1-4 55.06 OK
r-devel-windows-x86_64 1.1-4 5.00 55.00 60.00 OK
r-patched-linux-x86_64 1.1-4 4.89 30.74 35.63 OK
r-release-linux-x86_64 1.1-4 3.56 30.81 34.37 OK
r-release-macos-arm64 1.1-4 26.00 OK
r-release-macos-x86_64 1.1-4 39.00 OK
r-release-windows-x86_64 1.1-4 4.00 54.00 58.00 OK
r-oldrel-macos-arm64 1.1-4 28.00 NOTE
r-oldrel-macos-x86_64 1.1-4 30.00 NOTE
r-oldrel-windows-x86_64 1.1-4 7.00 56.00 63.00 NOTE

Check Details

Version: 1.1-4
Check: package dependencies
Result: NOTE Package which this enhances but not available for checking: ‘rkward’ Flavors: r-oldrel-macos-arm64, r-oldrel-macos-x86_64, r-oldrel-windows-x86_64