Last updated on 2025-11-02 03:51:34 CET.
| Flavor | Version | Tinstall | Tcheck | Ttotal | Status | Flags |
|---|---|---|---|---|---|---|
| r-devel-linux-x86_64-debian-clang | 1.1.0 | 35.69 | 110.37 | 146.06 | OK | |
| r-devel-linux-x86_64-debian-gcc | 1.1.0 | 27.14 | 104.48 | 131.62 | OK | |
| r-devel-linux-x86_64-fedora-clang | 1.1.0 | 46.00 | 174.45 | 220.45 | OK | |
| r-devel-linux-x86_64-fedora-gcc | 1.1.0 | 52.00 | 183.16 | 235.16 | OK | |
| r-devel-windows-x86_64 | 1.1.0 | 46.00 | 135.00 | 181.00 | OK | |
| r-patched-linux-x86_64 | 1.1.0 | 38.90 | 109.14 | 148.04 | OK | |
| r-release-linux-x86_64 | 1.1.0 | 35.17 | 108.78 | 143.95 | OK | |
| r-release-macos-arm64 | 1.1.0 | 15.00 | 64.00 | 79.00 | OK | |
| r-release-macos-x86_64 | 1.1.0 | 34.00 | 199.00 | 233.00 | OK | |
| r-release-windows-x86_64 | 1.1.0 | 40.00 | 133.00 | 173.00 | OK | |
| r-oldrel-macos-arm64 | 1.1.0 | 14.00 | 70.00 | 84.00 | NOTE | |
| r-oldrel-macos-x86_64 | 1.1.0 | 51.00 | 225.00 | 276.00 | NOTE | |
| r-oldrel-windows-x86_64 | 1.1.0 | 32.00 | 179.00 | 211.00 | OK |
Version: 1.1.0
Check: installed package size
Result: NOTE
installed size is 6.6Mb
sub-directories of 1Mb or more:
libs 6.1Mb
Flavors: r-oldrel-macos-arm64, r-oldrel-macos-x86_64