Last updated on 2025-04-30 04:50:02 CEST.
Flavor | Version | Tinstall | Tcheck | Ttotal | Status | Flags |
---|---|---|---|---|---|---|
r-devel-linux-x86_64-debian-clang | 1.0.2 | 21.78 | 129.79 | 151.57 | NOTE | |
r-devel-linux-x86_64-debian-gcc | 1.0.2 | 16.05 | 124.94 | 140.99 | NOTE | |
r-devel-linux-x86_64-fedora-clang | 1.0.2 | 222.55 | OK | |||
r-devel-linux-x86_64-fedora-gcc | 1.0.2 | 225.35 | OK | |||
r-devel-windows-x86_64 | 1.0.2 | 25.00 | 155.00 | 180.00 | OK | |
r-patched-linux-x86_64 | 1.0.2 | 22.82 | 125.33 | 148.15 | OK | |
r-release-linux-x86_64 | 1.0.2 | 22.72 | 125.63 | 148.35 | OK | |
r-release-macos-arm64 | 1.0.2 | 93.00 | OK | |||
r-release-macos-x86_64 | 1.0.2 | 150.00 | OK | |||
r-release-windows-x86_64 | 1.0.2 | 26.00 | 160.00 | 186.00 | OK | |
r-oldrel-macos-arm64 | 1.0.2 | 84.00 | NOTE | |||
r-oldrel-macos-x86_64 | 1.0.2 | 108.00 | NOTE | |||
r-oldrel-windows-x86_64 | 1.0.2 | 28.00 | 183.00 | 211.00 | OK |
Version: 1.0.2
Check: CRAN incoming feasibility
Result: NOTE
Maintainer: ‘Alessio Albanese <alessio.albanese@wur.nl>’
The Description field contains
W., and Behrouzi, P. (2024) <arXiv:2403.18602>. Build multiple networks
Please refer to arXiv e-prints via their arXiv DOI <doi:10.48550/arXiv.YYMM.NNNNN>.
Flavors: r-devel-linux-x86_64-debian-clang, r-devel-linux-x86_64-debian-gcc
Version: 1.0.2
Check: installed package size
Result: NOTE
installed size is 5.8Mb
sub-directories of 1Mb or more:
libs 5.6Mb
Flavors: r-oldrel-macos-arm64, r-oldrel-macos-x86_64