Last updated on 2025-04-30 04:50:02 CEST.
Flavor | Version | Tinstall | Tcheck | Ttotal | Status | Flags |
---|---|---|---|---|---|---|
r-devel-linux-x86_64-debian-clang | 2.1.1 | 210.66 | 391.71 | 602.37 | NOTE | |
r-devel-linux-x86_64-debian-gcc | 2.1.1 | 151.70 | 259.06 | 410.76 | OK | |
r-devel-linux-x86_64-fedora-clang | 2.1.1 | 1029.47 | OK | |||
r-devel-linux-x86_64-fedora-gcc | 2.1.1 | 1001.05 | OK | |||
r-devel-windows-x86_64 | 2.1.1 | 186.00 | 454.00 | 640.00 | OK | |
r-patched-linux-x86_64 | 2.1.1 | 203.56 | 370.67 | 574.23 | OK | |
r-release-linux-x86_64 | 2.1.1 | 198.78 | 372.50 | 571.28 | OK | |
r-release-macos-arm64 | 2.1.1 | 369.00 | OK | |||
r-release-macos-x86_64 | 2.1.1 | 568.00 | OK | |||
r-release-windows-x86_64 | 2.1.1 | 204.00 | 441.00 | 645.00 | OK | |
r-oldrel-macos-arm64 | 2.1.1 | 277.00 | NOTE | |||
r-oldrel-macos-x86_64 | 2.1.1 | 549.00 | NOTE | |||
r-oldrel-windows-x86_64 | 2.1.1 | 227.00 | 574.00 | 801.00 | NOTE |
Version: 2.1.1
Check: examples
Result: NOTE
Examples with CPU (user + system) or elapsed time > 5s
user system elapsed
across 5.591 0.203 7.313
Flavor: r-devel-linux-x86_64-debian-clang
Version: 2.1.1
Check: installed package size
Result: NOTE
installed size is 23.3Mb
sub-directories of 1Mb or more:
R 2.1Mb
libs 19.2Mb
Flavors: r-oldrel-macos-arm64, r-oldrel-macos-x86_64, r-oldrel-windows-x86_64