CRAN Package Check Results for Package collatz

Last updated on 2025-04-30 04:50:02 CEST.

Flavor Version Tinstall Tcheck Ttotal Status Flags
r-devel-linux-x86_64-debian-clang 1.0.0 1.95 40.13 42.08 NOTE
r-devel-linux-x86_64-debian-gcc 1.0.0 1.56 31.39 32.95 NOTE
r-devel-linux-x86_64-fedora-clang 1.0.0 70.27 OK
r-devel-linux-x86_64-fedora-gcc 1.0.0 81.95 OK
r-devel-windows-x86_64 1.0.0 3.00 59.00 62.00 OK
r-patched-linux-x86_64 1.0.0 2.19 37.46 39.65 OK
r-release-linux-x86_64 1.0.0 1.87 37.35 39.22 OK
r-release-macos-arm64 1.0.0 31.00 OK
r-release-macos-x86_64 1.0.0 58.00 OK
r-release-windows-x86_64 1.0.0 4.00 63.00 67.00 OK
r-oldrel-macos-arm64 1.0.0 36.00 OK
r-oldrel-macos-x86_64 1.0.0 49.00 OK
r-oldrel-windows-x86_64 1.0.0 3.00 68.00 71.00 OK

Check Details

Version: 1.0.0
Check: CRAN incoming feasibility
Result: NOTE Maintainer: ‘Nathan Levett <nathan.a.z.levett@gmail.com>’ The BugReports field in DESCRIPTION has https://github.com/Skenvy/Collatz/issues/new/choose which should likely be https://github.com/Skenvy/Collatz/issues/new/choose/issues instead. Flavors: r-devel-linux-x86_64-debian-clang, r-devel-linux-x86_64-debian-gcc