CRAN Package Check Results for Package collidr

Last updated on 2025-04-30 04:50:02 CEST.

Flavor Version Tinstall Tcheck Ttotal Status Flags
r-devel-linux-x86_64-debian-clang 0.1.3 6.46 41.64 48.10 NOTE
r-devel-linux-x86_64-debian-gcc 0.1.3 4.87 31.40 36.27 NOTE
r-devel-linux-x86_64-fedora-clang 0.1.3 76.07 OK
r-devel-linux-x86_64-fedora-gcc 0.1.3 71.98 OK
r-devel-windows-x86_64 0.1.3 8.00 67.00 75.00 OK
r-patched-linux-x86_64 0.1.3 5.76 39.31 45.07 OK
r-release-linux-x86_64 0.1.3 6.61 38.83 45.44 OK
r-release-macos-arm64 0.1.3 32.00 OK
r-release-macos-x86_64 0.1.3 47.00 OK
r-release-windows-x86_64 0.1.3 8.00 64.00 72.00 OK
r-oldrel-macos-arm64 0.1.3 28.00 OK
r-oldrel-macos-x86_64 0.1.3 40.00 OK
r-oldrel-windows-x86_64 0.1.3 10.00 73.00 83.00 OK

Check Details

Version: 0.1.3
Check: CRAN incoming feasibility
Result: NOTE Maintainer: ‘Steve Condylios <steve.condylios@gmail.com>’ No Authors@R field in DESCRIPTION. Please add one, modifying Authors@R: person(given = "Steve", family = "Condylios", role = c("aut", "cre"), email = "steve.condylios@gmail.com", comment = c(ORCID = "0000-0003-0599-844X")) as necessary. Flavors: r-devel-linux-x86_64-debian-clang, r-devel-linux-x86_64-debian-gcc