CRAN Package Check Results for Package collinear

Last updated on 2025-04-30 04:50:02 CEST.

Flavor Version Tinstall Tcheck Ttotal Status Flags
r-devel-linux-x86_64-debian-clang 2.0.0 4.98 178.24 183.22 NOTE
r-devel-linux-x86_64-debian-gcc 2.0.0 4.74 122.83 127.57 NOTE
r-devel-linux-x86_64-fedora-clang 2.0.0 276.50 NOTE
r-devel-linux-x86_64-fedora-gcc 2.0.0 290.95 NOTE
r-devel-windows-x86_64 2.0.0 8.00 236.00 244.00 NOTE
r-patched-linux-x86_64 2.0.0 7.60 172.36 179.96 NOTE
r-release-linux-x86_64 2.0.0 6.85 171.04 177.89 NOTE
r-release-macos-arm64 2.0.0 102.00 NOTE
r-release-macos-x86_64 2.0.0 175.00 NOTE
r-release-windows-x86_64 2.0.0 9.00 226.00 235.00 NOTE
r-oldrel-macos-arm64 2.0.0 97.00 OK
r-oldrel-macos-x86_64 2.0.0 178.00 OK
r-oldrel-windows-x86_64 2.0.0 10.00 268.00 278.00 OK

Check Details

Version: 2.0.0
Check: DESCRIPTION meta-information
Result: NOTE Missing dependency on R >= 4.1.0 because package code uses the pipe |> or function shorthand \(...) syntax added in R 4.1.0. File(s) using such syntax: ‘collinear.R’ ‘cor_cramer_v.R’ ‘cor_df.R’ ‘cor_select.R’ ‘f_auc.Rd’ ‘f_r2.Rd’ ‘f_r2_counts.Rd’ ‘f_v.Rd’ ‘f_v_rf_categorical.Rd’ ‘identify.R’ ‘model_formula.R’ ‘preference_order.R’ ‘preference_order_methods.R’ ‘target_encoding_methods.R’ ‘validate.R’ ‘vif_df.R’ ‘vif_select.R’ Flavors: r-devel-linux-x86_64-debian-clang, r-devel-linux-x86_64-debian-gcc, r-devel-linux-x86_64-fedora-clang, r-devel-linux-x86_64-fedora-gcc, r-devel-windows-x86_64, r-patched-linux-x86_64, r-release-linux-x86_64, r-release-macos-arm64, r-release-macos-x86_64, r-release-windows-x86_64

Version: 2.0.0
Check: examples
Result: NOTE Examples with CPU (user + system) or elapsed time > 5s user system elapsed collinear 2.743 0.163 7.773 cor_matrix 1.461 0.174 6.799 preference_order 0.917 0.079 5.757 Flavor: r-devel-linux-x86_64-debian-clang

Version: 2.0.0
Check: examples
Result: NOTE Examples with CPU (user + system) or elapsed time > 5s user system elapsed collinear 1.897 0.184 5.634 Flavor: r-devel-linux-x86_64-debian-gcc