Last updated on 2025-04-30 04:50:02 CEST.
Flavor | Version | Tinstall | Tcheck | Ttotal | Status | Flags |
---|---|---|---|---|---|---|
r-devel-linux-x86_64-debian-clang | 0.2.0 | 4.24 | 36.88 | 41.12 | NOTE | |
r-devel-linux-x86_64-debian-gcc | 0.2.0 | 2.56 | 24.57 | 27.13 | OK | |
r-devel-linux-x86_64-fedora-clang | 0.2.0 | 67.49 | OK | |||
r-devel-linux-x86_64-fedora-gcc | 0.2.0 | 62.51 | OK | |||
r-devel-windows-x86_64 | 0.2.0 | 6.00 | 61.00 | 67.00 | OK | |
r-patched-linux-x86_64 | 0.2.0 | 3.58 | 35.01 | 38.59 | OK | |
r-release-linux-x86_64 | 0.2.0 | 4.39 | 34.65 | 39.04 | OK | |
r-release-macos-arm64 | 0.2.0 | 27.00 | OK | |||
r-release-macos-x86_64 | 0.2.0 | 42.00 | OK | |||
r-release-windows-x86_64 | 0.2.0 | 6.00 | 58.00 | 64.00 | OK | |
r-oldrel-macos-arm64 | 0.2.0 | 20.00 | OK | |||
r-oldrel-macos-x86_64 | 0.2.0 | 36.00 | OK | |||
r-oldrel-windows-x86_64 | 0.2.0 | 10.00 | 66.00 | 76.00 | OK |
Version: 0.2.0
Check: examples
Result: NOTE
Examples with CPU (user + system) or elapsed time > 5s
user system elapsed
chromsearch 4.277 0.044 5.315
colocalized 3.970 0.007 5.255
Flavor: r-devel-linux-x86_64-debian-clang