Last updated on 2025-04-30 04:50:02 CEST.
Flavor | Version | Tinstall | Tcheck | Ttotal | Status | Flags |
---|---|---|---|---|---|---|
r-devel-linux-x86_64-debian-clang | 0.1.9 | 5.74 | 73.43 | 79.17 | OK | |
r-devel-linux-x86_64-debian-gcc | 0.1.9 | 4.72 | 52.11 | 56.83 | OK | |
r-devel-linux-x86_64-fedora-clang | 0.1.9 | 103.69 | OK | |||
r-devel-linux-x86_64-fedora-gcc | 0.1.9 | 112.25 | OK | |||
r-devel-windows-x86_64 | 0.1.9 | 9.00 | 82.00 | 91.00 | OK | |
r-patched-linux-x86_64 | 0.1.9 | 5.96 | 68.13 | 74.09 | OK | |
r-release-linux-x86_64 | 0.1.9 | 6.11 | 67.72 | 73.83 | OK | |
r-release-macos-arm64 | 0.1.9 | 50.00 | OK | |||
r-release-macos-x86_64 | 0.1.9 | 68.00 | OK | |||
r-release-windows-x86_64 | 0.1.9 | 8.00 | 80.00 | 88.00 | OK | |
r-oldrel-macos-arm64 | 0.1.9 | 36.00 | NOTE | |||
r-oldrel-macos-x86_64 | 0.1.9 | 53.00 | NOTE | |||
r-oldrel-windows-x86_64 | 0.1.9 | 13.00 | 92.00 | 105.00 | NOTE |
Version: 0.1.9
Check: installed package size
Result: NOTE
installed size is 5.1Mb
sub-directories of 1Mb or more:
doc 4.8Mb
Flavors: r-oldrel-macos-arm64, r-oldrel-macos-x86_64, r-oldrel-windows-x86_64