Last updated on 2025-04-30 04:50:02 CEST.
Flavor | Version | Tinstall | Tcheck | Ttotal | Status | Flags |
---|---|---|---|---|---|---|
r-devel-linux-x86_64-debian-clang | 1.7-0 | 3.75 | 194.19 | 197.94 | OK | |
r-devel-linux-x86_64-debian-gcc | 1.7-0 | 2.86 | 133.50 | 136.36 | OK | |
r-devel-linux-x86_64-fedora-clang | 1.7-0 | 314.43 | OK | |||
r-devel-linux-x86_64-fedora-gcc | 1.7-0 | 312.05 | OK | |||
r-devel-windows-x86_64 | 1.7-0 | 8.00 | 314.00 | 322.00 | OK | |
r-patched-linux-x86_64 | 1.7-0 | 7.25 | 187.44 | 194.69 | OK | |
r-release-linux-x86_64 | 1.7-0 | 3.08 | 185.15 | 188.23 | OK | |
r-release-macos-arm64 | 1.7-0 | 108.00 | OK | |||
r-release-macos-x86_64 | 1.7-0 | 222.00 | OK | |||
r-release-windows-x86_64 | 1.7-0 | 7.00 | 324.00 | 331.00 | OK | |
r-oldrel-macos-arm64 | 1.7-0 | 118.00 | NOTE | |||
r-oldrel-macos-x86_64 | 1.7-0 | 253.00 | NOTE | |||
r-oldrel-windows-x86_64 | 1.7-0 | 7.00 | 341.00 | 348.00 | NOTE |
Version: 1.7-0
Check: installed package size
Result: NOTE
installed size is 5.9Mb
sub-directories of 1Mb or more:
doc 2.6Mb
extdata 2.4Mb
Flavors: r-oldrel-macos-arm64, r-oldrel-macos-x86_64, r-oldrel-windows-x86_64