CRAN Package Check Results for Package colorfindr

Last updated on 2025-04-30 04:50:02 CEST.

Flavor Version Tinstall Tcheck Ttotal Status Flags
r-devel-linux-x86_64-debian-clang 0.1.4 7.78 65.60 73.38 NOTE
r-devel-linux-x86_64-debian-gcc 0.1.5 5.19 47.30 52.49 OK
r-devel-linux-x86_64-fedora-clang 0.1.5 120.04 OK
r-devel-linux-x86_64-fedora-gcc 0.1.5 113.46 OK
r-devel-windows-x86_64 0.1.4 9.00 80.00 89.00 NOTE
r-patched-linux-x86_64 0.1.4 6.99 60.69 67.68 NOTE
r-release-linux-x86_64 0.1.4 7.14 60.10 67.24 NOTE
r-release-macos-arm64 0.1.5 33.00 OK
r-release-macos-x86_64 0.1.5 64.00 OK
r-release-windows-x86_64 0.1.5 11.00 86.00 97.00 OK
r-oldrel-macos-arm64 0.1.5 39.00 OK
r-oldrel-macos-x86_64 0.1.5 79.00 OK
r-oldrel-windows-x86_64 0.1.4 12.00 94.00 106.00 NOTE

Check Details

Version: 0.1.4
Check: Rd cross-references
Result: NOTE Found the following Rd file(s) with Rd \link{} targets missing package anchors: plot_colors_3d.Rd: plotly Please provide package anchors for all Rd \link{} targets not in the package itself and the base packages. Flavors: r-devel-linux-x86_64-debian-clang, r-devel-windows-x86_64, r-patched-linux-x86_64, r-release-linux-x86_64

Version: 0.1.4
Check: LazyData
Result: NOTE 'LazyData' is specified without a 'data' directory Flavor: r-oldrel-windows-x86_64