Last updated on 2025-04-30 04:50:02 CEST.
Flavor | Version | Tinstall | Tcheck | Ttotal | Status | Flags |
---|---|---|---|---|---|---|
r-devel-linux-x86_64-debian-clang | 0.1.3 | 30.76 | 268.42 | 299.18 | NOTE | |
r-devel-linux-x86_64-debian-gcc | 0.1.3 | 17.47 | 177.76 | 195.23 | OK | |
r-devel-linux-x86_64-fedora-clang | 0.1.3 | 540.30 | OK | |||
r-devel-linux-x86_64-fedora-gcc | 0.1.3 | 467.99 | OK | |||
r-devel-windows-x86_64 | 0.1.3 | 26.00 | 231.00 | 257.00 | OK | |
r-patched-linux-x86_64 | 0.1.3 | 30.11 | 257.18 | 287.29 | OK | |
r-release-linux-x86_64 | 0.1.3 | 26.45 | 256.52 | 282.97 | OK | |
r-release-macos-arm64 | 0.1.3 | 111.00 | OK | |||
r-release-macos-x86_64 | 0.1.3 | 281.00 | OK | |||
r-release-windows-x86_64 | 0.1.3 | 27.00 | 224.00 | 251.00 | OK | |
r-oldrel-macos-arm64 | 0.1.3 | 108.00 | OK | |||
r-oldrel-macos-x86_64 | 0.1.3 | 203.00 | OK | |||
r-oldrel-windows-x86_64 | 0.1.3 | 36.00 | 324.00 | 360.00 | OK |
Version: 0.1.3
Check: examples
Result: NOTE
Examples with CPU (user + system) or elapsed time > 5s
user system elapsed
map_single 5.459 0.141 6.267
map_multiples 4.510 0.139 5.527
Flavor: r-devel-linux-x86_64-debian-clang