CRAN Package Check Results for Package colormap

Last updated on 2025-04-30 04:50:02 CEST.

Flavor Version Tinstall Tcheck Ttotal Status Flags
r-devel-linux-x86_64-debian-clang 0.1.4 2.42 28.56 30.98 OK
r-devel-linux-x86_64-debian-gcc 0.1.4 1.91 22.03 23.94 OK
r-devel-linux-x86_64-fedora-clang 0.1.4 46.29 OK
r-devel-linux-x86_64-fedora-gcc 0.1.4 45.43 OK
r-devel-windows-x86_64 0.1.4 4.00 52.00 56.00 OK
r-patched-linux-x86_64 0.1.4 2.34 27.91 30.25 OK
r-release-linux-x86_64 0.1.4 2.28 27.89 30.17 OK
r-release-macos-arm64 0.1.4 23.00 OK
r-release-macos-x86_64 0.1.4 32.00 OK
r-release-windows-x86_64 0.1.4 4.00 50.00 54.00 OK
r-oldrel-macos-arm64 0.1.4 20.00 NOTE
r-oldrel-macos-x86_64 0.1.4 28.00 NOTE
r-oldrel-windows-x86_64 0.1.4 5.00 51.00 56.00 NOTE

Check Details

Version: 0.1.4
Check: LazyData
Result: NOTE 'LazyData' is specified without a 'data' directory Flavors: r-oldrel-macos-arm64, r-oldrel-macos-x86_64, r-oldrel-windows-x86_64