Last updated on 2025-04-30 04:50:02 CEST.
Flavor | Version | Tinstall | Tcheck | Ttotal | Status | Flags |
---|---|---|---|---|---|---|
r-devel-linux-x86_64-debian-clang | 0.1.2 | 4.72 | 54.10 | 58.82 | NOTE | |
r-devel-linux-x86_64-debian-gcc | 0.1.2 | 3.58 | 37.79 | 41.37 | NOTE | |
r-devel-linux-x86_64-fedora-clang | 0.1.2 | 86.42 | NOTE | |||
r-devel-linux-x86_64-fedora-gcc | 0.1.2 | 94.99 | NOTE | |||
r-devel-windows-x86_64 | 0.1.2 | 7.00 | 80.00 | 87.00 | NOTE | |
r-patched-linux-x86_64 | 0.1.2 | 5.24 | 50.23 | 55.47 | NOTE | |
r-release-linux-x86_64 | 0.1.2 | 4.61 | 50.24 | 54.85 | NOTE | |
r-release-macos-arm64 | 0.1.2 | 43.00 | OK | |||
r-release-macos-x86_64 | 0.1.2 | 78.00 | OK | |||
r-release-windows-x86_64 | 0.1.2 | 7.00 | 72.00 | 79.00 | NOTE | |
r-oldrel-macos-arm64 | 0.1.2 | 34.00 | OK | |||
r-oldrel-macos-x86_64 | 0.1.2 | 51.00 | OK | |||
r-oldrel-windows-x86_64 | 0.1.2 | 8.00 | 85.00 | 93.00 | OK |
Version: 0.1.2
Check: Rd cross-references
Result: NOTE
Found the following Rd file(s) with Rd \link{} targets missing package
anchors:
InterpolateColorFun.Rd: ggplot2
OrderDataTSP.Rd: TSP
Please provide package anchors for all Rd \link{} targets not in the
package itself and the base packages.
Flavors: r-devel-linux-x86_64-debian-clang, r-devel-linux-x86_64-debian-gcc, r-devel-windows-x86_64, r-patched-linux-x86_64, r-release-linux-x86_64, r-release-windows-x86_64
Version: 0.1.2
Check: examples
Result: NOTE
Examples with CPU (user + system) or elapsed time > 5s
user system elapsed
OptimizeBiColor 4.127 0.012 5.752
Flavor: r-devel-linux-x86_64-debian-clang
Version: 0.1.2
Check: dependencies in R code
Result: NOTE
Namespaces in Imports field not imported from:
‘grid’ ‘gridExtra’
All declared Imports should be used.
Flavors: r-devel-linux-x86_64-fedora-clang, r-devel-linux-x86_64-fedora-gcc