Last updated on 2025-04-30 04:50:02 CEST.
Flavor | Version | Tinstall | Tcheck | Ttotal | Status | Flags |
---|---|---|---|---|---|---|
r-devel-linux-x86_64-debian-clang | 0.1.1 | 6.02 | 77.00 | 83.02 | NOTE | |
r-devel-linux-x86_64-debian-gcc | 0.1.1 | 4.39 | 55.93 | 60.32 | NOTE | |
r-devel-linux-x86_64-fedora-clang | 0.1.1 | 118.43 | OK | |||
r-devel-linux-x86_64-fedora-gcc | 0.1.1 | 128.34 | OK | |||
r-devel-windows-x86_64 | 0.1.1 | 7.00 | 96.00 | 103.00 | OK | |
r-patched-linux-x86_64 | 0.1.1 | 4.77 | 73.18 | 77.95 | OK | |
r-release-linux-x86_64 | 0.1.1 | 4.73 | 72.75 | 77.48 | OK | |
r-release-macos-arm64 | 0.1.1 | 60.00 | OK | |||
r-release-macos-x86_64 | 0.1.1 | 103.00 | OK | |||
r-release-windows-x86_64 | 0.1.1 | 8.00 | 97.00 | 105.00 | OK | |
r-oldrel-macos-arm64 | 0.1.1 | 45.00 | OK | |||
r-oldrel-macos-x86_64 | 0.1.1 | 70.00 | OK | |||
r-oldrel-windows-x86_64 | 0.1.1 | 8.00 | 111.00 | 119.00 | OK |
Version: 0.1.1
Check: CRAN incoming feasibility
Result: NOTE
Maintainer: ‘Alan Inglis <alan.n.inglis@gmail.com>’
No Authors@R field in DESCRIPTION.
Please add one, modifying
Authors@R: person(given = "Alan",
family = "Inglis",
role = c("aut", "cre"),
email = "alan.n.inglis@gmail.com")
as necessary.
Flavors: r-devel-linux-x86_64-debian-clang, r-devel-linux-x86_64-debian-gcc
Version: 0.1.1
Check: examples
Result: NOTE
Examples with CPU (user + system) or elapsed time > 5s
user system elapsed
img2pal 3.281 0.5 5.214
Flavor: r-devel-linux-x86_64-debian-clang