Last updated on 2025-04-30 04:50:02 CEST.
Flavor | Version | Tinstall | Tcheck | Ttotal | Status | Flags |
---|---|---|---|---|---|---|
r-devel-linux-x86_64-debian-clang | 0.8 | 11.93 | 76.03 | 87.96 | NOTE | |
r-devel-linux-x86_64-debian-gcc | 0.8 | 7.06 | 51.25 | 58.31 | NOTE | |
r-devel-linux-x86_64-fedora-clang | 0.8 | 148.48 | NOTE | |||
r-devel-linux-x86_64-fedora-gcc | 0.8 | 128.70 | NOTE | |||
r-devel-windows-x86_64 | 0.8 | 14.00 | 100.00 | 114.00 | NOTE | |
r-patched-linux-x86_64 | 0.8 | 11.14 | 73.00 | 84.14 | NOTE | |
r-release-linux-x86_64 | 0.8 | 10.99 | 72.23 | 83.22 | NOTE | |
r-release-macos-arm64 | 0.8 | 46.00 | NOTE | |||
r-release-macos-x86_64 | 0.8 | 83.00 | NOTE | |||
r-release-windows-x86_64 | 0.8 | 12.00 | 92.00 | 104.00 | NOTE | |
r-oldrel-macos-arm64 | 0.8 | 41.00 | OK | |||
r-oldrel-macos-x86_64 | 0.8 | 88.00 | OK | |||
r-oldrel-windows-x86_64 | 0.8 | 16.00 | 116.00 | 132.00 | OK |
Version: 0.8
Check: DESCRIPTION meta-information
Result: NOTE
Missing dependency on R >= 4.1.0 because package code uses the pipe
|> or function shorthand \(...) syntax added in R 4.1.0.
File(s) using such syntax:
‘c4a.Rd’ ‘c4a_plot_hcl_space.R’ ‘c4a_table.R’
Flavors: r-devel-linux-x86_64-debian-clang, r-devel-linux-x86_64-debian-gcc, r-devel-linux-x86_64-fedora-clang, r-devel-linux-x86_64-fedora-gcc, r-devel-windows-x86_64, r-patched-linux-x86_64, r-release-linux-x86_64, r-release-macos-arm64, r-release-macos-x86_64, r-release-windows-x86_64
Version: 0.8
Check: examples
Result: NOTE
Examples with CPU (user + system) or elapsed time > 5s
user system elapsed
c4a_data 6.334 0.079 7.517
Flavor: r-devel-linux-x86_64-debian-clang