CRAN Package Check Results for Package comato

Last updated on 2025-04-30 04:50:02 CEST.

Flavor Version Tinstall Tcheck Ttotal Status Flags
r-devel-linux-x86_64-debian-clang 1.1 9.78 76.95 86.73 NOTE
r-devel-linux-x86_64-debian-gcc 1.1 7.65 54.23 61.88 NOTE
r-devel-linux-x86_64-fedora-clang 1.1 134.53 OK
r-devel-linux-x86_64-fedora-gcc 1.1 129.12 OK
r-devel-windows-x86_64 1.1 11.00 101.00 112.00 OK
r-patched-linux-x86_64 1.1 10.17 73.66 83.83 OK
r-release-linux-x86_64 1.1 9.02 72.07 81.09 OK
r-release-macos-arm64 1.1 43.00 OK
r-release-macos-x86_64 1.1 80.00 OK
r-release-windows-x86_64 1.1 12.00 96.00 108.00 OK
r-oldrel-macos-arm64 1.1 40.00 OK
r-oldrel-macos-x86_64 1.1 57.00 OK
r-oldrel-windows-x86_64 1.1 13.00 119.00 132.00 OK

Check Details

Version: 1.1
Check: CRAN incoming feasibility
Result: NOTE Maintainer: ‘Andreas Muehling <andreas.muehling@tum.de>’ No Authors@R field in DESCRIPTION. Please add one, modifying Authors@R: person(given = "Andreas", family = "Muehling", role = c("aut", "cre"), email = "andreas.muehling@tum.de") as necessary. Flavors: r-devel-linux-x86_64-debian-clang, r-devel-linux-x86_64-debian-gcc