Last updated on 2025-04-30 04:50:02 CEST.
Flavor | Version | Tinstall | Tcheck | Ttotal | Status | Flags |
---|---|---|---|---|---|---|
r-devel-linux-x86_64-debian-clang | 0.1.1 | 13.85 | 71.75 | 85.60 | NOTE | |
r-devel-linux-x86_64-debian-gcc | 0.1.1 | 9.97 | 51.13 | 61.10 | NOTE | |
r-devel-linux-x86_64-fedora-clang | 0.1.1 | 137.33 | NOTE | |||
r-devel-linux-x86_64-fedora-gcc | 0.1.1 | 142.17 | NOTE | |||
r-devel-windows-x86_64 | 0.1.1 | 18.00 | 106.00 | 124.00 | NOTE | |
r-patched-linux-x86_64 | 0.1.1 | 11.99 | 65.97 | 77.96 | NOTE | |
r-release-linux-x86_64 | 0.1.1 | 14.09 | 67.09 | 81.18 | NOTE | |
r-release-macos-arm64 | 0.1.1 | 50.00 | NOTE | |||
r-release-macos-x86_64 | 0.1.1 | 100.00 | NOTE | |||
r-release-windows-x86_64 | 0.1.1 | 19.00 | 101.00 | 120.00 | NOTE | |
r-oldrel-macos-arm64 | 0.1.1 | 53.00 | NOTE | |||
r-oldrel-macos-x86_64 | 0.1.1 | 89.00 | NOTE | |||
r-oldrel-windows-x86_64 | 0.1.1 | 20.00 | 121.00 | 141.00 | NOTE |
Version: 0.1.1
Check: Rd files
Result: NOTE
checkRd: (-1) keener.Rd:82: Lost braces; missing escapes or markup?
82 | a_{ij} = (S_ij + 1) / (S_ij + S_ji + 2). This step should make comparing
| ^
Flavors: r-devel-linux-x86_64-debian-clang, r-devel-linux-x86_64-debian-gcc, r-devel-linux-x86_64-fedora-clang, r-devel-linux-x86_64-fedora-gcc, r-devel-windows-x86_64, r-patched-linux-x86_64, r-release-linux-x86_64, r-release-macos-arm64, r-release-macos-x86_64, r-release-windows-x86_64, r-oldrel-macos-arm64, r-oldrel-macos-x86_64, r-oldrel-windows-x86_64