Last updated on 2025-02-21 03:52:09 CET.
Flavor | Version | Tinstall | Tcheck | Ttotal | Status | Flags |
---|---|---|---|---|---|---|
r-devel-linux-x86_64-debian-clang | 0.1.1 | 14.65 | 70.08 | 84.73 | NOTE | |
r-devel-linux-x86_64-debian-gcc | 0.1.1 | 10.23 | 49.32 | 59.55 | NOTE | |
r-devel-linux-x86_64-fedora-clang | 0.1.1 | 138.05 | NOTE | |||
r-devel-linux-x86_64-fedora-gcc | 0.1.1 | 143.89 | NOTE | |||
r-devel-macos-arm64 | 0.1.1 | 48.00 | NOTE | |||
r-devel-macos-x86_64 | 0.1.1 | 100.00 | NOTE | |||
r-devel-windows-x86_64 | 0.1.1 | 18.00 | 104.00 | 122.00 | NOTE | |
r-patched-linux-x86_64 | 0.1.1 | 14.68 | 63.93 | 78.61 | NOTE | |
r-release-linux-x86_64 | 0.1.1 | 11.86 | 63.77 | 75.63 | NOTE | |
r-release-macos-arm64 | 0.1.1 | 53.00 | NOTE | |||
r-release-macos-x86_64 | 0.1.1 | 89.00 | NOTE | |||
r-release-windows-x86_64 | 0.1.1 | 17.00 | 97.00 | 114.00 | NOTE | |
r-oldrel-macos-arm64 | 0.1.1 | 53.00 | OK | |||
r-oldrel-macos-x86_64 | 0.1.1 | 86.00 | OK | |||
r-oldrel-windows-x86_64 | 0.1.1 | 22.00 | 125.00 | 147.00 | OK |
Version: 0.1.1
Check: Rd files
Result: NOTE
checkRd: (-1) keener.Rd:82: Lost braces; missing escapes or markup?
82 | a_{ij} = (S_ij + 1) / (S_ij + S_ji + 2). This step should make comparing
| ^
Flavors: r-devel-linux-x86_64-debian-clang, r-devel-linux-x86_64-debian-gcc, r-devel-linux-x86_64-fedora-clang, r-devel-linux-x86_64-fedora-gcc, r-devel-macos-arm64, r-devel-macos-x86_64, r-devel-windows-x86_64, r-patched-linux-x86_64, r-release-linux-x86_64, r-release-macos-arm64, r-release-macos-x86_64, r-release-windows-x86_64