CRAN Package Check Results for Package complexity

Last updated on 2025-07-05 04:50:12 CEST.

Flavor Version Tinstall Tcheck Ttotal Status Flags
r-devel-linux-x86_64-debian-clang 1.1.2 3.15 33.86 37.01 NOTE
r-devel-linux-x86_64-debian-gcc 1.1.2 2.31 26.74 29.05 NOTE
r-devel-linux-x86_64-fedora-clang 1.1.2 55.78 OK
r-devel-linux-x86_64-fedora-gcc 1.1.2 67.70 OK
r-devel-windows-x86_64 1.1.2 5.00 54.00 59.00 OK
r-patched-linux-x86_64 1.1.2 3.07 32.19 35.26 OK
r-release-linux-x86_64 1.1.2 2.85 32.02 34.87 OK
r-release-macos-arm64 1.1.2 36.00 OK
r-release-macos-x86_64 1.1.2 55.00 OK
r-release-windows-x86_64 1.1.2 4.00 57.00 61.00 OK
r-oldrel-macos-arm64 1.1.2 29.00 OK
r-oldrel-macos-x86_64 1.1.2 41.00 OK
r-oldrel-windows-x86_64 1.1.2 6.00 59.00 65.00 OK

Check Details

Version: 1.1.2
Check: CRAN incoming feasibility
Result: NOTE Maintainer: ‘M. A. J. Zondervan-Zwijnenburg <m.zondervan@vilans.nl>’ No Authors@R field in DESCRIPTION. Please add one, modifying Authors@R: person(given = c("M.", "A.", "J."), family = "Zondervan-Zwijnenburg", role = c("aut", "cre"), email = "m.zondervan@vilans.nl") as necessary. Flavors: r-devel-linux-x86_64-debian-clang, r-devel-linux-x86_64-debian-gcc