Last updated on 2025-04-30 04:50:02 CEST.
Flavor | Version | Tinstall | Tcheck | Ttotal | Status | Flags |
---|---|---|---|---|---|---|
r-devel-linux-x86_64-debian-clang | 2.0.4 | 9.82 | 76.27 | 86.09 | NOTE | |
r-devel-linux-x86_64-debian-gcc | 2.0.4 | 7.09 | 55.48 | 62.57 | NOTE | |
r-devel-linux-x86_64-fedora-clang | 2.0.4 | 137.13 | OK | |||
r-devel-linux-x86_64-fedora-gcc | 2.0.4 | 129.29 | OK | |||
r-devel-windows-x86_64 | 2.0.4 | 16.00 | 96.00 | 112.00 | OK | |
r-patched-linux-x86_64 | 2.0.4 | 11.93 | 72.39 | 84.32 | OK | |
r-release-linux-x86_64 | 2.0.4 | 11.37 | 72.52 | 83.89 | OK | |
r-release-macos-arm64 | 2.0.4 | 43.00 | OK | |||
r-release-macos-x86_64 | 2.0.4 | 101.00 | OK | |||
r-release-windows-x86_64 | 2.0.4 | 15.00 | 90.00 | 105.00 | OK | |
r-oldrel-macos-arm64 | 2.0.4 | 40.00 | OK | |||
r-oldrel-macos-x86_64 | 2.0.4 | 60.00 | OK | |||
r-oldrel-windows-x86_64 | 2.0.4 | 16.00 | 110.00 | 126.00 | OK |
Version: 2.0.4
Check: CRAN incoming feasibility
Result: NOTE
Maintainer: ‘Marta Sestelo <sestelo@uvigo.es>’
No Authors@R field in DESCRIPTION.
Please add one, modifying
Authors@R: c(person(given = "Luis",
family = "Meira-Machado",
role = "aut"),
person(given = "Marta",
family = "Sestelo",
role = c("aut", "cre"),
email = "sestelo@uvigo.es"))
as necessary.
Flavors: r-devel-linux-x86_64-debian-clang, r-devel-linux-x86_64-debian-gcc