Last updated on 2025-04-30 04:50:02 CEST.
Flavor | Version | Tinstall | Tcheck | Ttotal | Status | Flags |
---|---|---|---|---|---|---|
r-devel-linux-x86_64-debian-clang | 0.5-1 | 5.74 | 47.65 | 53.39 | NOTE | |
r-devel-linux-x86_64-debian-gcc | 0.5-1 | 3.97 | 34.81 | 38.78 | NOTE | |
r-devel-linux-x86_64-fedora-clang | 0.5-1 | 81.56 | OK | |||
r-devel-linux-x86_64-fedora-gcc | 0.5-1 | 78.49 | OK | |||
r-devel-windows-x86_64 | 0.5-1 | 7.00 | 73.00 | 80.00 | OK | |
r-patched-linux-x86_64 | 0.5-1 | 6.47 | 44.65 | 51.12 | NOTE | |
r-release-linux-x86_64 | 0.5-1 | 6.29 | 44.02 | 50.31 | NOTE | |
r-release-macos-arm64 | 0.5-1 | 27.00 | OK | |||
r-release-macos-x86_64 | 0.5-1 | 48.00 | OK | |||
r-release-windows-x86_64 | 0.5-1 | 8.00 | 66.00 | 74.00 | OK | |
r-oldrel-macos-arm64 | 0.5-1 | 29.00 | OK | |||
r-oldrel-macos-x86_64 | 0.5-1 | 39.00 | OK | |||
r-oldrel-windows-x86_64 | 0.5-1 | 7.00 | 77.00 | 84.00 | OK |
Version: 0.5-1
Check: for unstated dependencies in ‘demo’
Result: NOTE
'library' or 'require' call not declared from: ‘e1071’
Flavors: r-devel-linux-x86_64-debian-clang, r-devel-linux-x86_64-debian-gcc, r-patched-linux-x86_64, r-release-linux-x86_64