Last updated on 2025-04-30 04:50:02 CEST.
Flavor | Version | Tinstall | Tcheck | Ttotal | Status | Flags |
---|---|---|---|---|---|---|
r-devel-linux-x86_64-debian-clang | 1.9.1 | 15.88 | 164.85 | 180.73 | NOTE | |
r-devel-linux-x86_64-debian-gcc | 1.9.1 | 11.66 | 117.29 | 128.95 | NOTE | |
r-devel-linux-x86_64-fedora-clang | 1.9.1 | 291.22 | OK | |||
r-devel-linux-x86_64-fedora-gcc | 1.9.1 | 288.61 | OK | |||
r-devel-windows-x86_64 | 1.9.1 | 17.00 | 187.00 | 204.00 | NOTE | |
r-patched-linux-x86_64 | 1.9.1 | 16.51 | 159.11 | 175.62 | NOTE | |
r-release-linux-x86_64 | 1.9.1 | 15.27 | 156.62 | 171.89 | NOTE | |
r-release-macos-arm64 | 1.9.1 | 87.00 | OK | |||
r-release-macos-x86_64 | 1.9.1 | 163.00 | OK | |||
r-release-windows-x86_64 | 1.9.1 | 18.00 | 182.00 | 200.00 | NOTE | |
r-oldrel-macos-arm64 | 1.9.1 | 92.00 | OK | |||
r-oldrel-macos-x86_64 | 1.9.1 | 129.00 | OK | |||
r-oldrel-windows-x86_64 | 1.9.1 | 21.00 | 211.00 | 232.00 | OK |
Version: 1.9.1
Check: Rd cross-references
Result: NOTE
Found the following Rd file(s) with Rd \link{} targets missing package
anchors:
km.outcomes.Rd: survfit
km.pmf.Rd: survfit
km.support.Rd: survfit
km.surv.Rd: survfit
Please provide package anchors for all Rd \link{} targets not in the
package itself and the base packages.
Flavors: r-devel-linux-x86_64-debian-clang, r-devel-linux-x86_64-debian-gcc, r-devel-windows-x86_64, r-patched-linux-x86_64, r-release-linux-x86_64, r-release-windows-x86_64
Version: 1.9.1
Check: examples
Result: NOTE
Examples with CPU (user + system) or elapsed time > 5s
user system elapsed
binomTestMSE 4.51 0.052 5.004
Flavor: r-devel-linux-x86_64-debian-clang