CRAN Package Check Results for Package confSAM

Last updated on 2025-02-21 03:52:09 CET.

Flavor Version Tinstall Tcheck Ttotal Status Flags
r-devel-linux-x86_64-debian-clang 0.2 1.69 20.91 22.60 OK
r-devel-linux-x86_64-debian-gcc 0.2 1.51 16.95 18.46 OK
r-devel-linux-x86_64-fedora-clang 0.2 38.19 OK
r-devel-linux-x86_64-fedora-gcc 0.2 122.43 OK
r-devel-macos-arm64 0.2 38.00 OK
r-devel-macos-x86_64 0.2 84.00 OK
r-devel-windows-x86_64 0.2 2.00 42.00 44.00 OK
r-patched-linux-x86_64 0.2 1.79 19.78 21.57 NOTE
r-release-linux-x86_64 0.2 1.69 20.21 21.90 NOTE
r-release-macos-arm64 0.2 41.00 NOTE
r-release-macos-x86_64 0.2 69.00 NOTE
r-release-windows-x86_64 0.2 4.00 42.00 46.00 NOTE
r-oldrel-macos-arm64 0.2 39.00 NOTE
r-oldrel-macos-x86_64 0.2 69.00 NOTE
r-oldrel-windows-x86_64 0.2 3.00 45.00 48.00 NOTE

Check Details

Version: 0.2
Check: LazyData
Result: NOTE 'LazyData' is specified without a 'data' directory Flavors: r-patched-linux-x86_64, r-release-linux-x86_64, r-release-macos-arm64, r-release-macos-x86_64, r-release-windows-x86_64, r-oldrel-macos-arm64, r-oldrel-macos-x86_64, r-oldrel-windows-x86_64